-- MySQL dump 10.13  Distrib 5.5.29, for debian-linux-gnu (i686)
--
-- Host: localhost    Database: moltensaltsDB
-- ------------------------------------------------------
-- Server version	5.5.29-0ubuntu0.12.04.1

/*!40101 SET @OLD_CHARACTER_SET_CLIENT=@@CHARACTER_SET_CLIENT */;
/*!40101 SET @OLD_CHARACTER_SET_RESULTS=@@CHARACTER_SET_RESULTS */;
/*!40101 SET @OLD_COLLATION_CONNECTION=@@COLLATION_CONNECTION */;
/*!40101 SET NAMES utf8 */;
/*!40103 SET @OLD_TIME_ZONE=@@TIME_ZONE */;
/*!40103 SET TIME_ZONE='+00:00' */;
/*!40014 SET @OLD_UNIQUE_CHECKS=@@UNIQUE_CHECKS, UNIQUE_CHECKS=0 */;
/*!40014 SET @OLD_FOREIGN_KEY_CHECKS=@@FOREIGN_KEY_CHECKS, FOREIGN_KEY_CHECKS=0 */;
/*!40101 SET @OLD_SQL_MODE=@@SQL_MODE, SQL_MODE='NO_AUTO_VALUE_ON_ZERO' */;
/*!40111 SET @OLD_SQL_NOTES=@@SQL_NOTES, SQL_NOTES=0 */;

--
-- Table structure for table `auth_group`
--

DROP TABLE IF EXISTS `auth_group`;
/*!40101 SET @saved_cs_client     = @@character_set_client */;
/*!40101 SET character_set_client = utf8 */;
CREATE TABLE `auth_group` (
  `id` int(11) NOT NULL AUTO_INCREMENT,
  `name` varchar(80) NOT NULL,
  PRIMARY KEY (`id`),
  UNIQUE KEY `name` (`name`)
) ENGINE=InnoDB DEFAULT CHARSET=latin1;
/*!40101 SET character_set_client = @saved_cs_client */;

--
-- Dumping data for table `auth_group`
--

LOCK TABLES `auth_group` WRITE;
/*!40000 ALTER TABLE `auth_group` DISABLE KEYS */;
/*!40000 ALTER TABLE `auth_group` ENABLE KEYS */;
UNLOCK TABLES;

--
-- Table structure for table `auth_group_permissions`
--

DROP TABLE IF EXISTS `auth_group_permissions`;
/*!40101 SET @saved_cs_client     = @@character_set_client */;
/*!40101 SET character_set_client = utf8 */;
CREATE TABLE `auth_group_permissions` (
  `id` int(11) NOT NULL AUTO_INCREMENT,
  `group_id` int(11) NOT NULL,
  `permission_id` int(11) NOT NULL,
  PRIMARY KEY (`id`),
  UNIQUE KEY `group_id` (`group_id`,`permission_id`),
  KEY `auth_group_permissions_425ae3c4` (`group_id`),
  KEY `auth_group_permissions_1e014c8f` (`permission_id`),
  CONSTRAINT `group_id_refs_id_3cea63fe` FOREIGN KEY (`group_id`) REFERENCES `auth_group` (`id`),
  CONSTRAINT `permission_id_refs_id_5886d21f` FOREIGN KEY (`permission_id`) REFERENCES `auth_permission` (`id`)
) ENGINE=InnoDB DEFAULT CHARSET=latin1;
/*!40101 SET character_set_client = @saved_cs_client */;

--
-- Dumping data for table `auth_group_permissions`
--

LOCK TABLES `auth_group_permissions` WRITE;
/*!40000 ALTER TABLE `auth_group_permissions` DISABLE KEYS */;
/*!40000 ALTER TABLE `auth_group_permissions` ENABLE KEYS */;
UNLOCK TABLES;

--
-- Table structure for table `auth_message`
--

DROP TABLE IF EXISTS `auth_message`;
/*!40101 SET @saved_cs_client     = @@character_set_client */;
/*!40101 SET character_set_client = utf8 */;
CREATE TABLE `auth_message` (
  `id` int(11) NOT NULL AUTO_INCREMENT,
  `user_id` int(11) NOT NULL,
  `message` longtext NOT NULL,
  PRIMARY KEY (`id`),
  KEY `auth_message_403f60f` (`user_id`),
  CONSTRAINT `user_id_refs_id_650f49a6` FOREIGN KEY (`user_id`) REFERENCES `auth_user` (`id`)
) ENGINE=InnoDB DEFAULT CHARSET=latin1;
/*!40101 SET character_set_client = @saved_cs_client */;

--
-- Dumping data for table `auth_message`
--

LOCK TABLES `auth_message` WRITE;
/*!40000 ALTER TABLE `auth_message` DISABLE KEYS */;
/*!40000 ALTER TABLE `auth_message` ENABLE KEYS */;
UNLOCK TABLES;

--
-- Table structure for table `auth_permission`
--

DROP TABLE IF EXISTS `auth_permission`;
/*!40101 SET @saved_cs_client     = @@character_set_client */;
/*!40101 SET character_set_client = utf8 */;
CREATE TABLE `auth_permission` (
  `id` int(11) NOT NULL AUTO_INCREMENT,
  `name` varchar(50) NOT NULL,
  `content_type_id` int(11) NOT NULL,
  `codename` varchar(100) NOT NULL,
  PRIMARY KEY (`id`),
  UNIQUE KEY `content_type_id` (`content_type_id`,`codename`),
  KEY `auth_permission_1bb8f392` (`content_type_id`),
  CONSTRAINT `content_type_id_refs_id_728de91f` FOREIGN KEY (`content_type_id`) REFERENCES `django_content_type` (`id`)
) ENGINE=InnoDB AUTO_INCREMENT=58 DEFAULT CHARSET=latin1;
/*!40101 SET character_set_client = @saved_cs_client */;

--
-- Dumping data for table `auth_permission`
--

LOCK TABLES `auth_permission` WRITE;
/*!40000 ALTER TABLE `auth_permission` DISABLE KEYS */;
INSERT INTO `auth_permission` VALUES (1,'Can add permission',1,'add_permission'),(2,'Can change permission',1,'change_permission'),(3,'Can delete permission',1,'delete_permission'),(4,'Can add group',2,'add_group'),(5,'Can change group',2,'change_group'),(6,'Can delete group',2,'delete_group'),(7,'Can add user',3,'add_user'),(8,'Can change user',3,'change_user'),(9,'Can delete user',3,'delete_user'),(10,'Can add message',4,'add_message'),(11,'Can change message',4,'change_message'),(12,'Can delete message',4,'delete_message'),(13,'Can add content type',5,'add_contenttype'),(14,'Can change content type',5,'change_contenttype'),(15,'Can delete content type',5,'delete_contenttype'),(16,'Can add session',6,'add_session'),(17,'Can change session',6,'change_session'),(18,'Can delete session',6,'delete_session'),(19,'Can add site',7,'add_site'),(20,'Can change site',7,'change_site'),(21,'Can delete site',7,'delete_site'),(22,'Can add salt',8,'add_salt'),(23,'Can change salt',8,'change_salt'),(24,'Can delete salt',8,'delete_salt'),(25,'Can add cite',9,'add_cite'),(26,'Can change cite',9,'change_cite'),(27,'Can delete cite',9,'delete_cite'),(28,'Can add value range t',10,'add_valueranget'),(29,'Can change value range t',10,'change_valueranget'),(30,'Can delete value range t',10,'delete_valueranget'),(31,'Can add equation range t',11,'add_equationranget'),(32,'Can change equation range t',11,'change_equationranget'),(33,'Can delete equation range t',11,'delete_equationranget'),(34,'Can add value t unit',12,'add_valuetunit'),(35,'Can change value t unit',12,'change_valuetunit'),(36,'Can delete value t unit',12,'delete_valuetunit'),(37,'Can add equation',13,'add_equation'),(38,'Can change equation',13,'change_equation'),(39,'Can delete equation',13,'delete_equation'),(40,'Can add value t',14,'add_valuet'),(41,'Can change value t',14,'change_valuet'),(42,'Can delete value t',14,'delete_valuet'),(43,'Can add parameter',15,'add_parameter'),(44,'Can change parameter',15,'change_parameter'),(45,'Can delete parameter',15,'delete_parameter'),(46,'Can add property',16,'add_property'),(47,'Can change property',16,'change_property'),(48,'Can delete property',16,'delete_property'),(49,'Can add warning',17,'add_warning'),(50,'Can change warning',17,'change_warning'),(51,'Can delete warning',17,'delete_warning'),(52,'Can add comment',18,'add_comment'),(53,'Can change comment',18,'change_comment'),(54,'Can delete comment',18,'delete_comment'),(55,'Can add comparative',19,'add_comparative'),(56,'Can change comparative',19,'change_comparative'),(57,'Can delete comparative',19,'delete_comparative');
/*!40000 ALTER TABLE `auth_permission` ENABLE KEYS */;
UNLOCK TABLES;

--
-- Table structure for table `auth_user`
--

DROP TABLE IF EXISTS `auth_user`;
/*!40101 SET @saved_cs_client     = @@character_set_client */;
/*!40101 SET character_set_client = utf8 */;
CREATE TABLE `auth_user` (
  `id` int(11) NOT NULL AUTO_INCREMENT,
  `username` varchar(30) NOT NULL,
  `first_name` varchar(30) NOT NULL,
  `last_name` varchar(30) NOT NULL,
  `email` varchar(75) NOT NULL,
  `password` varchar(128) NOT NULL,
  `is_staff` tinyint(1) NOT NULL,
  `is_active` tinyint(1) NOT NULL,
  `is_superuser` tinyint(1) NOT NULL,
  `last_login` datetime NOT NULL,
  `date_joined` datetime NOT NULL,
  PRIMARY KEY (`id`),
  UNIQUE KEY `username` (`username`)
) ENGINE=InnoDB DEFAULT CHARSET=latin1;
/*!40101 SET character_set_client = @saved_cs_client */;

--
-- Dumping data for table `auth_user`
--

LOCK TABLES `auth_user` WRITE;
/*!40000 ALTER TABLE `auth_user` DISABLE KEYS */;
/*!40000 ALTER TABLE `auth_user` ENABLE KEYS */;
UNLOCK TABLES;

--
-- Table structure for table `auth_user_groups`
--

DROP TABLE IF EXISTS `auth_user_groups`;
/*!40101 SET @saved_cs_client     = @@character_set_client */;
/*!40101 SET character_set_client = utf8 */;
CREATE TABLE `auth_user_groups` (
  `id` int(11) NOT NULL AUTO_INCREMENT,
  `user_id` int(11) NOT NULL,
  `group_id` int(11) NOT NULL,
  PRIMARY KEY (`id`),
  UNIQUE KEY `user_id` (`user_id`,`group_id`),
  KEY `auth_user_groups_403f60f` (`user_id`),
  KEY `auth_user_groups_425ae3c4` (`group_id`),
  CONSTRAINT `user_id_refs_id_7ceef80f` FOREIGN KEY (`user_id`) REFERENCES `auth_user` (`id`),
  CONSTRAINT `group_id_refs_id_f116770` FOREIGN KEY (`group_id`) REFERENCES `auth_group` (`id`)
) ENGINE=InnoDB DEFAULT CHARSET=latin1;
/*!40101 SET character_set_client = @saved_cs_client */;

--
-- Dumping data for table `auth_user_groups`
--

LOCK TABLES `auth_user_groups` WRITE;
/*!40000 ALTER TABLE `auth_user_groups` DISABLE KEYS */;
/*!40000 ALTER TABLE `auth_user_groups` ENABLE KEYS */;
UNLOCK TABLES;

--
-- Table structure for table `auth_user_user_permissions`
--

DROP TABLE IF EXISTS `auth_user_user_permissions`;
/*!40101 SET @saved_cs_client     = @@character_set_client */;
/*!40101 SET character_set_client = utf8 */;
CREATE TABLE `auth_user_user_permissions` (
  `id` int(11) NOT NULL AUTO_INCREMENT,
  `user_id` int(11) NOT NULL,
  `permission_id` int(11) NOT NULL,
  PRIMARY KEY (`id`),
  UNIQUE KEY `user_id` (`user_id`,`permission_id`),
  KEY `auth_user_user_permissions_403f60f` (`user_id`),
  KEY `auth_user_user_permissions_1e014c8f` (`permission_id`),
  CONSTRAINT `user_id_refs_id_dfbab7d` FOREIGN KEY (`user_id`) REFERENCES `auth_user` (`id`),
  CONSTRAINT `permission_id_refs_id_67e79cb` FOREIGN KEY (`permission_id`) REFERENCES `auth_permission` (`id`)
) ENGINE=InnoDB DEFAULT CHARSET=latin1;
/*!40101 SET character_set_client = @saved_cs_client */;

--
-- Dumping data for table `auth_user_user_permissions`
--

LOCK TABLES `auth_user_user_permissions` WRITE;
/*!40000 ALTER TABLE `auth_user_user_permissions` DISABLE KEYS */;
/*!40000 ALTER TABLE `auth_user_user_permissions` ENABLE KEYS */;
UNLOCK TABLES;

--
-- Table structure for table `django_content_type`
--

DROP TABLE IF EXISTS `django_content_type`;
/*!40101 SET @saved_cs_client     = @@character_set_client */;
/*!40101 SET character_set_client = utf8 */;
CREATE TABLE `django_content_type` (
  `id` int(11) NOT NULL AUTO_INCREMENT,
  `name` varchar(100) NOT NULL,
  `app_label` varchar(100) NOT NULL,
  `model` varchar(100) NOT NULL,
  PRIMARY KEY (`id`),
  UNIQUE KEY `app_label` (`app_label`,`model`)
) ENGINE=InnoDB AUTO_INCREMENT=20 DEFAULT CHARSET=latin1;
/*!40101 SET character_set_client = @saved_cs_client */;

--
-- Dumping data for table `django_content_type`
--

LOCK TABLES `django_content_type` WRITE;
/*!40000 ALTER TABLE `django_content_type` DISABLE KEYS */;
INSERT INTO `django_content_type` VALUES (1,'permission','auth','permission'),(2,'group','auth','group'),(3,'user','auth','user'),(4,'message','auth','message'),(5,'content type','contenttypes','contenttype'),(6,'session','sessions','session'),(7,'site','sites','site'),(8,'salt','moltensalts','salt'),(9,'cite','moltensalts','cite'),(10,'value range t','moltensalts','valueranget'),(11,'equation range t','moltensalts','equationranget'),(12,'value t unit','moltensalts','valuetunit'),(13,'equation','moltensalts','equation'),(14,'value t','moltensalts','valuet'),(15,'parameter','moltensalts','parameter'),(16,'property','moltensalts','property'),(17,'warning','moltensalts','warning'),(18,'comment','moltensalts','comment'),(19,'comparative','moltensalts','comparative');
/*!40000 ALTER TABLE `django_content_type` ENABLE KEYS */;
UNLOCK TABLES;

--
-- Table structure for table `django_session`
--

DROP TABLE IF EXISTS `django_session`;
/*!40101 SET @saved_cs_client     = @@character_set_client */;
/*!40101 SET character_set_client = utf8 */;
CREATE TABLE `django_session` (
  `session_key` varchar(40) NOT NULL,
  `session_data` longtext NOT NULL,
  `expire_date` datetime NOT NULL,
  PRIMARY KEY (`session_key`),
  KEY `django_session_3da3d3d8` (`expire_date`)
) ENGINE=InnoDB DEFAULT CHARSET=latin1;
/*!40101 SET character_set_client = @saved_cs_client */;

--
-- Dumping data for table `django_session`
--

LOCK TABLES `django_session` WRITE;
/*!40000 ALTER TABLE `django_session` DISABLE KEYS */;
/*!40000 ALTER TABLE `django_session` ENABLE KEYS */;
UNLOCK TABLES;

--
-- Table structure for table `django_site`
--

DROP TABLE IF EXISTS `django_site`;
/*!40101 SET @saved_cs_client     = @@character_set_client */;
/*!40101 SET character_set_client = utf8 */;
CREATE TABLE `django_site` (
  `id` int(11) NOT NULL AUTO_INCREMENT,
  `domain` varchar(100) NOT NULL,
  `name` varchar(50) NOT NULL,
  PRIMARY KEY (`id`)
) ENGINE=InnoDB AUTO_INCREMENT=2 DEFAULT CHARSET=latin1;
/*!40101 SET character_set_client = @saved_cs_client */;

--
-- Dumping data for table `django_site`
--

LOCK TABLES `django_site` WRITE;
/*!40000 ALTER TABLE `django_site` DISABLE KEYS */;
INSERT INTO `django_site` VALUES (1,'example.com','example.com');
/*!40000 ALTER TABLE `django_site` ENABLE KEYS */;
UNLOCK TABLES;

--
-- Table structure for table `moltensalts_cite`
--

DROP TABLE IF EXISTS `moltensalts_cite`;
/*!40101 SET @saved_cs_client     = @@character_set_client */;
/*!40101 SET character_set_client = utf8 */;
CREATE TABLE `moltensalts_cite` (
  `id` int(11) NOT NULL AUTO_INCREMENT,
  `content` varchar(1000) NOT NULL,
  `year` int(11) NOT NULL,
  `url` varchar(300) DEFAULT NULL,
  PRIMARY KEY (`id`)
) ENGINE=InnoDB AUTO_INCREMENT=74 DEFAULT CHARSET=latin1;
/*!40101 SET character_set_client = @saved_cs_client */;

--
-- Dumping data for table `moltensalts_cite`
--

LOCK TABLES `moltensalts_cite` WRITE;
/*!40000 ALTER TABLE `moltensalts_cite` DISABLE KEYS */;
INSERT INTO `moltensalts_cite` VALUES (1,'W.R. Grimes, D.R. Cuneo, F.F. Blankenship, G.W. Keilholtz, H.F. Poppendick, M.T. Robinson, Chemical Aspects of Molten-Fluoride-Salt Reactor Fuels, Addison-Wesley Pub. Co., 1958.',1958,'http://moltensalt.org/references/static/downloads/pdf/FFR_chap12.pdf'),(2,'G.J. Janz, R.P.T. Tomkins, Physical properties data compilations relevant to energy storage. IV. Molten salts: Data on Additional Single and Multi-Component Salt Systems, NSRDS-NBS-61 (Pt. IV), U.S. National Bureau of Standards, 1981.',1981,'http://www.nist.gov/data/nsrds/NSRDS-NBS-61-IV.pdf'),(3,'D.F. Williams, L.M. Toth, K.T. Clarno, Assessment of candidate molten salt coolants for the advanced high temperature reactor (AHTR), ORNL/TM-2006/12, Oak Ridge National Laboratory (ORNL), 2006.',2006,'http://web.ornl.gov/~webworks/cppr/y2006/rpt/124584.pdf?origin=publication_detail'),(4,'J. Mlynariková, M. Chrenková, V. Danielik, V. Danek, O. Matal, Monatsheftefür Chemie - Chemical Monthly 139 (2008) 77–80.',2008,'http://dx.doi.org/10.1007/s00706-007-0673-7'),(5,'O. Benes, R. Konings, S. Wurzer, M. Sierig, A. Dockendorf, Thermochimica Acta 509 (2010) 62–66.',2010,'http://dx.doi.org/10.1016/j.tca.2010.06.003'),(6,'C.J. Barton, L.O. Gilpatrick, J.A. Bornmann, H.H. Stone, T.N. McVay, H. Insley, Journal of Inorganic and Nuclear Chemistry 33 (1971) 337–343.',1971,'http://dx.doi.org/10.1016/0022-1902(71)80373-1'),(7,'G.J. Janz, C.B. Allen, J.R. Downey Jr., R.P.T. Tomkins, Physical properties data compilations relevant to energy storage. I. Molten salts: Eutectic Data, NSRDS-NBS-61 (Pt. I), U.S. National Bureau of Standards, 1978.',1978,'http://www.nist.gov/data/nsrds/NSRDS-NBS-61-1.pdf'),(8,'R.E. Thoma, Phase Diagrams of Nuclear Reactor Materials, ORNL-2548, Oak Ridge National Laboratory (ORNL), 1959.',1959,'http://www.osti.gov/scitech/servlets/purl/4234144'),(9,'W.D. Powers, S.I. Cohen, N.D. Greene, Nuclear Science and Engineering 17 (1963).',1963,NULL),(10,'M. Chrenková, V. Danek, A. Silny, V. Kremenetsky, E. Polyakov, Journal of Molecular Liquids 3 (2003) 213–226.',2003,'http://dx.doi.org/10.1016/S0167-7322(02)00063-6'),(11,'M. Salanne, C. Simon, P. Turq, P.A. Madden, Journal of Fluorine Chemistry 130 (2009) 38–44.',2009,'http://dx.doi.org/10.1016/j.jfluchem.2008.07.013'),(12,'J. Cibulkova, M. Chrenkova, R. Vasiljev, V. Kremenetsky, M. Boc, M.R. Materials, K.S. Centre, E. Section, Journal of Chemical and Engineering Data 7 (2006)984–987.',2006,'http://dx.doi.org/10.1021/je050490g'),(13,'S.I. Cohen, T.N. Jones, Viscosity measurements on molten fluoride mixtures, ORNL-2278, Oak Ridge National Laboratory (ORNL), 1957.',1957,'http://web.ornl.gov/info/reports/1957/3445603514702.pdf'),(14,'B. Vriesema, Aspects of molten fluorides as heat transfer agents for power generation, Delft University of Technology, Department of Mechanical Engineering, 1979.',1979,'http://resolver.tudelft.nl/uuid:9e8deede-eebe-4621-b962-d4afcc2a5038'),(15,'M.D. Grele, L. Gedeon, Forced-convection heat-transfer characteristics of molten Flinak flowing in an Inconel system. NACA RM E53L18, (1954) 24.',1954,'http://digital.library.unt.edu/ark:/67531/metadc59947/m2/1/high_res_d/19930088007.pdf'),(16,'H.W. Hoffman, J. Lones, Fused salt heat transfer. Part II. Forced convection heat transfer in circular tubes containing NaF–KF–LiF eutectic, ORNL-1777, Oak Ridge National Laboratory (ORNL), 1955.',1955,'http://web.ornl.gov/info/reports/1955/3445603496875.pdf'),(17,'Y. Kato, K. Furukawa, N. Araki, K. Kobayasi, High Temperatures–High Pressures 15 (1983) 191–198.',1983,NULL),(18,'C.T. Ewing, J.R. Spann, R.R. Miller, Journal of Chemical and Engineering Data 7 (1962) 246–250.',1962,'http://dx.doi.org/10.1021/je60013a028'),(19,'M.V. Smirnov, V.A. Khokhlov, E.S. Filatov, Electrochimica Acta 32 (1987) 1019–1026.',1987,'http://dx.doi.org/10.1016/0013-4686(87)90027-2'),(20,'V. Khokhlov, V. Ignatiév, V. Afonichkin, Journal of Fluorine Chemistry 130 (2009) 30–37.',2009,'http://dx.doi.org/10.1016/j.jfluchem.2008.07.018'),(21,'A. Turnbull, Australian Journal of Applied Science 12 (1961) 30–41, 324–329.',1961,NULL),(22,'W.D. Powers, G.C. Blalock, Enthalpy and heat capacity of halides. Aircraft Nuclear Propulsion Project Quarterly Progress Report For Period Ending, September 10, ORNL-1609, Oak Ridge National Laboratory (ORNL), 1953.',1953,'http://web.ornl.gov/info/reports/1953/3445603606809.pdf'),(23,'S. Cantor, Estimating specific heats and thermal conductivities of fused fluorides. Reactor Chemistry Division Annual Progress Report For Period Ending December 31, 1965, ORNL-3913, Oak Ridge National Laboratory (ORNL), 1965.',1965,'http://www.energyfromthorium.com/pdf/ORNL-3913.pdf'),(24,'D.J. Rogers, T. Yoko, G.J. Janz, Journal of Chemical and Engineering Data 27(1982) 366–367.',1982,'http://dx.doi.org/10.1021/je00029a041'),(25,'S. Cantor, J.W. Cooke, A.S. Dworkin, G.D. Robbins, R.E. Thoma, G.M. Watson, Physical properties of Molten-Salt Reactor Fuel, Coolant, and Flush Salts,ORNL-TM-2316, Oak Ridge National Laboratory (ORNL), 1968.',1968,'http://www.osti.gov/scitech/servlets/purl/4492893'),(26,'S. Cantor, ORNL-4449 Quarterly Report volume 4, Oak Ridge National Laboratory (ORNL), 1969.',1969,'http://www.energyfromthorium.com/pdf/ORNL-4449.pdf'),(27,'S. Cantor, Density and viscosity of several molten fluoride mixtures, ORNL/TM-4308, Oak Ridge National Laboratory (ORNL), 1973.',1973,'http://web.ornl.gov/info/reports/1973/3445605559801.pdf'),(28,'B.C. Blanke, E.N. Bousquet, M.L. Curtis, E.L. Murphy, Density and viscosity of fused mixtures of lithium, beryllium, and uranium fluorides, MLM-1086,Mound Laboratory, Miamisburg, Ohio (MLM), 1956.',1956,NULL),(29,'S. Cantor, W.T. Ward, C.T. Moynihan, Journal of Chemical Physics 50 (1969) 2874–2879.',1969,'http://dx.doi.org/10.1063/1.1671478'),(30,'V.N. Desyatnik, A.I. Nechaev, Y.F. Chervinskii, Zhurnal Prikladnoi Khimii 54(1981) 2310–2312.',1981,NULL),(31,'Y. Abe, O. Kosugiyama, A. Nagashima, Journal of Nuclear Materials 99 (1981) 173–183.',1981,'http://dx.doi.org/10.1016/0022-3115(81)90186-0'),(32,'J.W. Cooke, L.G. Alexander, H.W. Hoffman, Molten-Salt Reactor Program Semiannual Progress Report for Period Ending, August 31, 1968, ORNL-4344, Technical Report, Oak Ridge National Laboratory (ORNL), 1968.',1968,'http://web.ornl.gov/info/reports/1969/3445603580836.pdf'),(33,'J.W. Cooke, H.W. Hoffman, J.J.J. Keyes, Molten-Salt Reactor Program Semmianual Progress Report for Period Ending, February 28, ORNL-4396, 1969.',1969,NULL),(34,'T.B. Douglas, W.H. Payne, Journal of Research of the National Institute of Standards and Technology 73 (1969) 479–485.',1969,'http://nvlpubs.nist.gov/nistpubs/jres/73A/jresv73An5p479_A1b.pdf'),(35,'W.R. Grimes, Chemical research and development for Molten Salt Breeder Reactors, ORNL-TM-1853, Oak Ridge National Laboratory (ORNL), 1967.',1967,'http://moltensalt.org/references/static/downloads/pdf/ORNL-TM-1853.pdf'),(36,'V.V. Ignatiév, A.V. Merzlyakov, V.G. Subbotin, A.V. Panov, Y.V. Golovatov, Atomic Energy 101 (2006) 822–829.',2006,'http://dx.doi.org/10.1007/BF01123760'),(37,'S.R. Darienko, V.N. Desyatnik, S.F. Katyshev, Y.F. Chervinskii, Atomnaya Energiya 65 (1988) 223–224.',1988,'http://dx.doi.org/10.1007/BF01123025'),(38,'S.R. Darienko, S.P. Raspopin, Y.F. Chervinskii, Atomnaya Energiya 62 (1987) 122–124.',1987,'http://dx.doi.org/10.1007/BF01123671'),(39,'S.R. Darienko, N.N. Kurbatov, S.P. Raspopin, Y.F. Chervinskii, Atomnaya Energiya 57 (1984) 122–123.',1984,'http://dx.doi.org/10.1007/BF01123759'),(40,'D.F. Williams, Assessment of candidate molten salt coolants for the NGNP/NHI Heat-Transfer Loop. ORNL/TM-2006/69, Oak Ridge National Laboratory (ORNL), 2006.',2006,'http://nuclear.inl.gov/deliverables/docs/ornl-tm-2006-69_htl_salt.pdf'),(41,'G.J. Janz, G.L. Gardner, U. Krebs, R.P.T. Tomkins, Journal of Physical and Chemical Reference Data 3 (1974) 1–115.',1974,'http://dx.doi.org/10.1063/1.3253134'),(42,'G.J. Janz, Journal of Physical and Chemical Reference Data 17 (1988) 1–309.',1988,'http://www.nist.gov/data/PDFfiles/jpcrdS2Vol17.pdf'),(43,'G.J. Janz, R.P.T. Tomkins, C.B. Allen, J.R. Downey Jr., G.L. Gardner, U. Krebs, S.K. Singer, Journal of Physical and Chemical Reference Data 4 (1975) 871–1178.',1975,'http://dx.doi.org/10.1063/1.555527'),(44,'D.F. Williams, Additional Physical Property Measurements and Assessment of Salt Compositions Proposed for the Intermediate Heat Transfer Loop, ORNL/GEN4/LTR-06-033, Oak Ridge National Laboratory (ORNL), 2006.',2006,'http://nuclear.inl.gov/deliverables/docs/salt_property_measurements_ltr-06-033.pdf'),(45,'G.J. Janz, R.P.T. Tomkins, Journal of Physical and Chemical Reference Data 12 (1983) 591–815.',1983,'http://dx.doi.org/10.1063/1.555693'),(46,'W.R. Grimes, Nuclear Applications & Technology 8 (1970) 137–155.',1970,'http://moltensalt.org/references/static/downloads/pdf/NAT_MSRchemistry.pdf'),(47,'G.J. Janz, U. Krebs, H.F. Siegenthaler, R.P.T. Tomkins, Journal of Physical and Chemical Reference Data 1 (1972) 581–746.',1972,'http://dx.doi.org/10.1063/1.3253103'),(48,'R.W. Carling, C.M. Kramer, R.W. Bradshaw, D.A. Nissen, S.H. Goods, R.W. Mar,J.W. Munford, M.M. Karnowsky, R.N. Biefeld, N.J. Norem, Molten Nitrate Salt Technology Development Status Report, SAND-80-8052, Technical Report, March, Sandia National Laboratories, 1981.',1981,'http://prod.sandia.gov/techlib/access-control.cgi/1980/808052.pdf'),(49,'D.W. James, C.H. Liu, Journal of Chemical and Engineering Data 8 (1963) 469.',1963,'http://dx.doi.org/10.1021/je60018a063'),(50,'D.A. Nissen, Journal of Chemical and Engineering Data 27 (1982) 269–273',1982,'http://dx.doi.org/10.1021/je00029a012'),(51,'NREL, S.A.M. (System Advisor Model), 2012.',2012,'https://sam.nrel.gov/'),(52,'G.J. Janz, C.B. Allen, N.P. Bansal, R.M. Murphy, R.P.T. Tomkins, Physical properties data compilations relevant to energy storage II. Molten salts: data on single and multi-component salt systems, NSRDS-NBS-61 (Pt. II), U.S. National Bureau of Standards, 1979',1979,'http://www.nist.gov/data/nsrds/NSRDS-NBS61-II.pdf'),(53,'J. McDonald, H. Ted Davis, Journal of Physical Chemistry 74 (1970) 725–730.',1970,'http://dx.doi.org/10.1021/j100699a007'),(54,'T. Omotani, Y. Nagasaka, A. Nagashima, International Journal of Thermophysics 3 (1982) 17–26.',1982,'http://dx.doi.org/10.1007/BF00503955'),(55,'R. Tufeu, J.P. Petitet, L. Denielou, B. Le Neindre, International Journal of Thermophysics 6 (1985) 315–330.',1985,'http://dx.doi.org/10.1007/BF00500266'),(56,'A.B. Zavoico, Solar Power Tower Design Basis Document, SAND2001-2100, Technical Report, July, Sandia National Laboratories, 2001.',2001,'http://prod.sandia.gov/techlib/access-control.cgi/2001/012100.pdf'),(57,'Y.-T. Wu, C. Chen, B. Liu, C.-F. Ma, International Communications in Heat and Mass Transfer 39 (2012) 1550–1555',2012,'http://dx.doi.org/10.1016/j.icheatmasstransfer.2012.09.002'),(58,'N. Boerema, G. Morrison, R. Taylor, G. Rosengarten, Solar Energy 86 (2012) 2293–2305.',2012,'http://dx.doi.org/10.1016/j.solener.2012.05.001'),(59,'Z. Yang, S.V. Garimella, Solar Energy 84 (2010) 974–985.',2010,'http://dx.doi.org/10.1016/j.solener.2010.03.007'),(60,'W.E. Kirst, W.M. Nagle, J.B. Castner, Transactions of the American Institute of Chemical Engineers 36 (1940) 371–394',1940,NULL),(61,'N.P. Siegel, R.W. Bradshaw, J.B. Cordaro, A.M. Kruizenga, A.M. Kruizenga, ASME 2011 5th International Conference on Energy Sustainability, Parts A, B, and C, 2011, pp. 439–446.',2011,'http://dx.doi.org/10.1115/ES2011-54058'),(62,'P.G. Gaune, Journal of Chemical and Engineering Data 27 (1982) 151–153.',1982,'http://dx.doi.org/10.1021/je00028a014'),(63,'Y. Chen, Y. Wu, N. Ren, C. Ma, Science China Technological Sciences 54 (2011) 3022–3026.',2011,'http://dx.doi.org/10.1007/s11431-011-4530-x'),(64,'T. Omotani, A. Nagashima, Journal of Chemical and Engineering Data 29 (1984) 1–3.',1984,'http://dx.doi.org/10.1021/je00035a001'),(65,'R. Santini, L. Tadrist, J. Pantaloni, P. Cerisier, International Journal of Heat and Mass Transfer 27 (1984) 623–626.',1984,'http://dx.doi.org/10.1016/0017-9310(84)90034-6'),(66,'R. Serrano-López, J. Fradera, S. Cuesta-López, Chemical Engineering and Processing: Process Intensification 73 (2013) 87–102.',2013,'http://dx.doi.org/10.1016/j.cep.2013.07.008'),(67,'A. G. Fernández, S. Ushak, H. Galleguillos, F. J. Pérez. Applied Energy 119 (2014) 131-140.',2014,'http://www.sciencedirect.com/science/article/pii/S0306261913010702'),(68,'T. Wang, S. Viswanathan, D. Mantha, R. G. Reddy, Solar Energy Materials & Solar Cells 102 (2012) 201-207.',2012,'http://www.sciencedirect.com/science/article/pii/S0927024812001043'),(69,'K. Coscia S. Nelle, T. Elliot,  S. Mohapatra, A. Oztekin, S. Neti, Journal of Solar Energy Engineering 135 (2013)',2013,'http://solarenergyengineering.asmedigitalcollection.asme.org/article.aspx?articleID=1697043'),(70,'T. Wang, D. Mantha, R. G. Reddy. Energy Technology 2012: Carbon Dioxide Management and Other Technologies. TMS (The Minerals, Metals, & Materials Society) (2012) 73-84.',2012,'http://onlinelibrary.wiley.com/doi/10.1002/9781118365038.ch10/pdf'),(71,'T. Wang, D. Mantha, R. G. Reddy. Applied Energy 102 (2013) 1422-1429.',2013,'http://www.sciencedirect.com/science/article/pii/S0306261912006411'),(72,'N. P. Siegel, R. W. Bradshaw, J. P. Cordaro, A. M. Kruizenga, Proceedings of the ASME 2011 5th International Conference on Energy Sustainability ES2011 (2011).',2011,'http://proceedings.asmedigitalcollection.asme.org/proceeding.aspx?articleid=1636495'),(73,'O. Benes, R.J.M. Konings, Chapter 3.13 - Molten Salt Reactor Fuel and Coolant, in: Comprehensive Nuclear Materials, Elsevier, Oxford, 2012, pp. 359–389.',2012,'http://dx.doi.org/10.1016/B978-0-08-056033-5.00062-8');
/*!40000 ALTER TABLE `moltensalts_cite` ENABLE KEYS */;
UNLOCK TABLES;

--
-- Table structure for table `moltensalts_comment`
--

DROP TABLE IF EXISTS `moltensalts_comment`;
/*!40101 SET @saved_cs_client     = @@character_set_client */;
/*!40101 SET character_set_client = utf8 */;
CREATE TABLE `moltensalts_comment` (
  `id` int(11) NOT NULL AUTO_INCREMENT,
  `content` varchar(3000) NOT NULL,
  `property_id` int(11) NOT NULL,
  `warning_id` int(11) DEFAULT NULL,
  PRIMARY KEY (`id`),
  KEY `moltensalts_comment_6a812853` (`property_id`),
  KEY `moltensalts_comment_1fa84943` (`warning_id`),
  CONSTRAINT `property_id_refs_id_3e37b1e2` FOREIGN KEY (`property_id`) REFERENCES `moltensalts_property` (`id`),
  CONSTRAINT `warning_id_refs_id_17a7f4ec` FOREIGN KEY (`warning_id`) REFERENCES `moltensalts_warning` (`id`)
) ENGINE=InnoDB AUTO_INCREMENT=87 DEFAULT CHARSET=latin1;
/*!40101 SET character_set_client = @saved_cs_client */;

--
-- Dumping data for table `moltensalts_comment`
--

LOCK TABLES `moltensalts_comment` WRITE;
/*!40000 ALTER TABLE `moltensalts_comment` DISABLE KEYS */;
INSERT INTO `moltensalts_comment` VALUES (1,'Janz and Tomkins (1981) included two expressions for FLINAK thermal conductivity. This correlation is the initial suggested in the mentioned reference. See the special section for this kind of issues to obtain more information.',1,1),(2,'The viscosity values obtained with this expression suggested by Williams (2006) are apparently too low values when compared with other measurements. More information in the special section for this kind of issues.',2,2),(3,'Read some comments in the special section for this value.',3,3),(4,'Read some comments in the special section for this value.',4,3),(5,'Janz and Tomkins (1981) included two expressions for FLINAK thermal conductivity. This one includes the effect of a prolonged experiment, showing a decrease in final values. See the special section for this kind of issues to obtain more information.',20,1),(6,'The expression has been calculated by authors using the methodology suggested by Khokhlov et al. in the referenced article.',26,NULL),(7,'The value has been calculated by authors using the Rao-Turnbull methodology and n=2, which is based in the referenced articles. See also Williams et al. (2006) for more comments (ORNL-TM-2006/12).',27,NULL),(8,'The value has been calculated by authors using the Rao-Turnbull methodology and n=1, which is based in the referenced articles. See also Williams et al. (2006) for more comments (ORNL-TM-2006/12).',28,NULL),(9,'The value has been calculated by authors using the methodology suggested by Khokhlov et al. in the referenced article.',34,NULL),(10,'The value has been calculated by authors using the Dulong-Petit methodology suggested by Cantor in the referenced report.',36,NULL),(11,'The expression parameters have been calculated by interpolation, using the values of the original reference.',57,NULL),(12,'The expression has been calculated by authors using the methodology suggested by Khokhlov et al. in the referenced article.',78,NULL),(13,'COMMENT: The value has been calculated by authors using the Rao-Turnbull methodology, which is based in the referenced articles. See also Williams et al. (2006) for more comments (ORNL-TM-2006/12).',79,NULL),(14,'The value has been calculated by authors using the Dulong-Petit methodology suggested by Cantor in the referenced report.',82,NULL),(15,'The value has been calculated by authors using the methodology suggested by Khokhlov et al. in the referenced article.',84,NULL),(16,'Khokhlov suggested a validity for his proposal in a temperature range that starts from the melting point of the salt. In this case we have assumed a conservative value of 850 K to make up the database.',88,NULL),(17,'Khokhlov suggested a validity for his proposal in a temperature range that starts from the melting point of the salt. In this case we have assumed a conservative value of 850 K to make up the database.',95,NULL),(18,'Khokhlov suggested a validity for his proposal in a temperature range that starts from the melting point of the salt. In this case we have assumed a conservative value of 850 K to make up the database.',96,NULL),(19,'Khokhlov suggested a validity for his proposal in a temperature range that starts from the melting point of the salt. In this case we have assumed a conservative value of 850 K to make up the database.',97,NULL),(20,'Khokhlov suggested a validity for his proposal in a temperature range that starts from the melting point of the salt. In this case we have assumed a conservative value of 850 K to make up the database.',98,NULL),(21,'Khokhlov suggested a validity for his proposal in a temperature range that starts from the melting point of the salt. In this case we have assumed a conservative value of 850 K to make up the database.',99,NULL),(22,'The expression has been calculated by authors using the methodology suggested by Khokhlov et al. in the referenced article.',113,NULL),(23,'The value has been calculated by authors using the Rao-Turnbull methodology, which is based in the referenced articles. See also Williams et al. (2006) for more comments (ORNL-TM-2006/12).',114,NULL),(24,'The value has been calculated by authors using the methodology suggested by Khokhlov et al. in the referenced article.',124,NULL),(25,'Khokhlov suggested a validity for his proposal in the temperature range: (Melting point ; Melting point +200). In this case we have assumed a conservative value of 850 K  for melting point, to make up the database.',124,NULL),(26,'The value has been calculated by authors using the methodology suggested by Khokhlov et al. in the referenced article.',125,NULL),(27,'Khokhlov suggested a validity for his proposal in the temperature range: (Melting point ; Melting point +200). In this case we have assumed a conservative value of 850 K  for melting point, to make up the database.',125,NULL),(28,'The value has been calculated by authors using the methodology suggested by Khokhlov et al. in the referenced article.',126,NULL),(29,'Khokhlov suggested a validity for his proposal in the temperature range: (Melting point ; Melting point +200). In this case we have assumed a conservative value of 850 K  for melting point, to make up the database.',126,NULL),(30,'The value has been calculated by authors using the methodology suggested by Khokhlov et al. in the referenced article.',127,NULL),(31,'Khokhlov suggested a validity for his proposal in the temperature range: (Melting point ; Melting point +200). In this case we have assumed a conservative value of 850 K  for melting point, to make up the database.',127,NULL),(32,'The value has been calculated by authors using the Dulong-Petit methodology suggested by Cantor in the referenced Report.',128,NULL),(33,'See the special section for a brief comment about this expression.',130,5),(34,'The expression has been calculated by authors using the methodology suggested by Khokhlov et al. in the referenced article.',138,NULL),(35,'COMMENT: The value has been calculated by authors using the Rao-Turnbull methodology, which is based in the referenced articles. See also Williams et al. (2006) for more comments (ORNL-TM-2006/12).',139,NULL),(36,'The value has been calculated by authors using the methodology suggested by Khokhlov et al. in the referenced article.',141,NULL),(37,'The expression was interpolated by authors using values offered by the mentioned reference.',145,NULL),(38,'Density expression for this composition was obtained by author by using kinematic and dynamic viscosity values from Darienko et al. (1987) and Darienko et al. (1988).',148,NULL),(39,'Density expression for this composition was obtained by author by using kinematic and dynamic viscosity values from Darienko et al. (1987) and Darienko et al. (1988).',149,NULL),(40,'Density expression for this composition was obtained by author by using interpolated kinematic and dynamic viscosity values from Darienko et al. (1987) and Darienko et al. (1988).',150,NULL),(41,'Density expression for this composition was obtained by author by using kinematic and dynamic viscosity values from Darienko et al. (1987) and Darienko et al. (1988).',151,NULL),(42,'Density expression for this composition was obtained by author by using kinematic and dynamic viscosity values from Darienko et al. (1987) and Darienko et al. (1988).',152,NULL),(43,'Viscosity value extrapolated by authors using the set of data reported in the mentioned reference.',181,NULL),(44,'This expression suggested by Williams (2006) in the ORNL report gives too low values when compared with other measurements. See the special section for more information about this issue.',182,4),(45,'Viscosity expression interpolated by authors for this composition, by using data from the mentioned reference.',185,NULL),(46,'This expression suggested by Williams (2006) in the ORNL report gives too low values when compared with other measurements. See the special section for more information about this issue.',188,4),(47,'The expression has been calculated by authors using the methodology suggested by Khokhlov et al. in the referenced article.',189,8),(48,'The value has been calculated by authors using the Rao-Turnbull methodology, which is based in the referenced articles. See also Williams et al. (2006) for more comments (ORNL-TM-2006/12).',190,8),(49,'The value has been calculated by authors using the methodology suggested by Khokhlov et al. in the referenced article.',191,8),(50,'The value has been calculated by authors using the Dulong-Petit methodology suggested by Cantor in the referenced Report.',192,8),(51,'Density expression interpolated by author by using data from the mentioned reference.',195,NULL),(52,'Density expression interpolated by author by using data from the mentioned reference.',196,NULL),(53,'Density expression interpolated by author by using data from the mentioned reference.',197,NULL),(54,'Calculated density values with this expression from ORNL are too far from the calculated with other correlations and measurements. Check the special section for more information.',199,6),(55,'The correlation reported by Williams (2006) gives too low values when compared with other expressions. See the special section for this kind of issues for more information.',205,7),(56,'The value has been calculated by authors using the Rao-Turnbull methodology and n=1.5, which is based in the referenced articles. See also Williams et al. (2006) for more comments (ORNL-TM-2006/12).',208,NULL),(57,'The value has been calculated by authors using the Rao-Turnbull methodology and n=2, which is based in the referenced articles. See also Williams et al. (2006) for more comments (ORNL-TM-2006/12).',209,NULL),(58,'Interpolated expression using values from the mentioned reference.',217,NULL),(59,'This is the second expression proposed by Carling et al. (1981), due to nitrate thermal decomposition after 72 hours a t 600°C in argon.',218,NULL),(60,'Carling et al. (1981) includes a second expression, taking into account nitrate thermal decomposition.',219,NULL),(61,'See the special section “Uncertainty” for more information about thermal properties.',227,8),(62,'See the special section “Uncertainty” for more information about thermal properties.',228,8),(63,'See the special section “Uncertainty” for more information about thermal properties.',229,8),(64,'Interpolated expression using values from the mentioned reference.',230,8),(65,'See the special section “Uncertainty” for more information about thermal properties.',230,8),(66,'See the special section “Uncertainty” for more information about thermal properties.',231,8),(67,'See the special section “Uncertainty” for more information about thermal properties.',232,8),(68,'See the special section “Uncertainty” for more information about thermal properties',233,8),(69,'Interpolated expression using values from the mentioned reference. ',234,NULL),(70,'See the special section “Uncertainty” for more information about thermal properties.',234,8),(71,'Correlation was calculated by authors, using values from the mentioned reference.',235,NULL),(72,'See the special section “Uncertainty” for more information about thermal properties.',235,8),(73,'Correlation was calculated by authors, using values from the mentioned reference. ',236,NULL),(74,'See the special section “Uncertainty” for more information about thermal properties.',236,8),(75,'The interpolated correlation was calculated by authors, using values from the mentioned reference. ',237,NULL),(76,'See the special section “Uncertainty” for more information about thermal properties.',237,8),(77,'Correlation was calculated by authors, using values from the mentioned reference. ',238,NULL),(78,'See the special section “Uncertainty” for more information about thermal properties.',238,8),(79,'See the special section “Uncertainty” for more information about thermal properties.',239,8),(80,'The value has been calculated by authors using the Rao-Turnbull methodology, which is based in the referenced articles. See also Williams et al. (2006) for more comments (ORNL-TM-2006/12).',240,NULL),(81,'See the special section “Uncertainty” for more information about thermal properties.',240,8),(82,'See the special section “Uncertainty” for more information about thermal properties.',241,8),(83,'See the special section “Uncertainty” for more information about thermal properties.',242,8),(84,'See the special section “Uncertainty” for more information about thermal properties.',243,8),(85,'See the special section “Uncertainty” for more information about thermal properties.',244,8),(86,'See the special section “Uncertainty” for more information about thermal properties.',245,8);
/*!40000 ALTER TABLE `moltensalts_comment` ENABLE KEYS */;
UNLOCK TABLES;

--
-- Table structure for table `moltensalts_comparative`
--

DROP TABLE IF EXISTS `moltensalts_comparative`;
/*!40101 SET @saved_cs_client     = @@character_set_client */;
/*!40101 SET character_set_client = utf8 */;
CREATE TABLE `moltensalts_comparative` (
  `id` int(11) NOT NULL AUTO_INCREMENT,
  `parameter_id` int(11) NOT NULL,
  `salt_id` int(11) NOT NULL,
  `image` varchar(50) NOT NULL,
  PRIMARY KEY (`id`),
  KEY `moltensalts_comparative_741c8c04` (`parameter_id`),
  KEY `moltensalts_comparative_1e2508` (`salt_id`),
  CONSTRAINT `salt_id_refs_id_191c110b` FOREIGN KEY (`salt_id`) REFERENCES `moltensalts_salt` (`id`),
  CONSTRAINT `parameter_id_refs_id_698d0a21` FOREIGN KEY (`parameter_id`) REFERENCES `moltensalts_parameter` (`id`)
) ENGINE=InnoDB AUTO_INCREMENT=17 DEFAULT CHARSET=latin1;
/*!40101 SET character_set_client = @saved_cs_client */;

--
-- Dumping data for table `moltensalts_comparative`
--

LOCK TABLES `moltensalts_comparative` WRITE;
/*!40000 ALTER TABLE `moltensalts_comparative` DISABLE KEYS */;
INSERT INTO `moltensalts_comparative` VALUES (1,1,6,'comparative_Density_CloKMag.png'),(2,2,6,'comparative_Viscosity_CloKMag.png'),(3,1,2,'comparative_Density_FLiBe.png'),(4,2,2,'comparative_Viscosity_FLiBe.png'),(5,1,3,'comparative_Density_FLiNaBe.png'),(6,2,3,'comparative_Viscosity_FLiNaBe.png'),(7,1,1,'comparative_Density_FLiNaK.png'),(8,2,1,'comparative_Viscosity_FLiNaK.png'),(9,1,5,'comparative_Density_FluZirK.png'),(10,2,5,'comparative_Viscosity_FluZirK.png'),(11,1,8,'comparative_Density_Hitec.png'),(12,2,8,'comparative_Viscosity_Hitec.png'),(13,1,4,'comparative_Density_NaFNaB.png'),(14,2,4,'comparative_Viscosity_NaFNaB.png'),(15,1,7,'comparative_Density_SolarSalt.png'),(16,2,7,'comparative_Viscosity_SolarSalt.png');
/*!40000 ALTER TABLE `moltensalts_comparative` ENABLE KEYS */;
UNLOCK TABLES;

--
-- Table structure for table `moltensalts_equation`
--

DROP TABLE IF EXISTS `moltensalts_equation`;
/*!40101 SET @saved_cs_client     = @@character_set_client */;
/*!40101 SET character_set_client = utf8 */;
CREATE TABLE `moltensalts_equation` (
  `id` int(11) NOT NULL AUTO_INCREMENT,
  `constant` varchar(10) NOT NULL,
  `value` varchar(40) NOT NULL,
  `equationRangeT_id` int(11) NOT NULL,
  PRIMARY KEY (`id`),
  KEY `moltensalts_equation_36f199fd` (`equationRangeT_id`),
  CONSTRAINT `equationRangeT_id_refs_id_380fa978` FOREIGN KEY (`equationRangeT_id`) REFERENCES `moltensalts_equationranget` (`id`)
) ENGINE=InnoDB AUTO_INCREMENT=380 DEFAULT CHARSET=latin1;
/*!40101 SET character_set_client = @saved_cs_client */;

--
-- Dumping data for table `moltensalts_equation`
--

LOCK TABLES `moltensalts_equation` WRITE;
/*!40000 ALTER TABLE `moltensalts_equation` DISABLE KEYS */;
INSERT INTO `moltensalts_equation` VALUES (1,'A','2.43E+01',1),(2,'B','-6.04E-02',1),(3,'C','4.22E-05',1),(4,'A','0.0000116',2),(5,'B','3755',2),(6,'A','2729.29',3),(7,'B','-0.73',3),(8,'A','2579.3',4),(9,'B','-0.6243',4),(10,'A','2729.29',5),(11,'B','-0.73',5),(12,'A','2579.252',6),(13,'B','-0.624',6),(14,'A','2603',7),(15,'B','-0.669',7),(16,'A','2579.3',8),(17,'B','-0.624',8),(18,'A','0.00004',9),(19,'B','4170',9),(20,'A','0.00011129',10),(21,'B','3379.109',10),(22,'A','0.0000248657',11),(23,'B','1944',11),(24,'A','0.000025',12),(25,'B','4475.734214',12),(26,'A','4.7411E-05',13),(27,'B','3847',13),(28,'A','7.42E+00',14),(29,'B','-1.71E-02',14),(30,'C','1.37E-05',14),(31,'A','0.36',15),(32,'B','0.00056',15),(33,'A','0.43499',16),(34,'B','0.0005',16),(35,'A','976.4210651',17),(36,'B','1.062653353',17),(37,'A','2328.66',18),(38,'B','-0.42',18),(39,'A','2413.224',19),(40,'B','-0.488',19),(41,'A','2413.03',20),(42,'B','-0.4884',20),(43,'A','2268.875',21),(44,'B','-0.375',21),(45,'','',22),(46,'','',23),(47,'','',24),(48,'','',25),(49,'','',26),(50,'','',27),(51,'','',28),(52,'','',29),(53,'','',30),(54,'A','2269.2',31),(55,'B','-0.4',31),(56,'A','2569.2',32),(57,'B','-0.4',32),(58,'A','2348.75',33),(59,'B','-0.424',33),(60,'A','2158.24',34),(61,'B','-0.239',34),(62,'A','2075.4',35),(63,'B','-0.148',35),(64,'A','2269.2',36),(65,'B','-0.4',36),(66,'A','2329.2',37),(67,'B','-0.4',37),(68,'A','9.31596E-05',38),(69,'B','3898.101',38),(70,'A','0.000116',39),(71,'B','3755',39),(72,'A','7.99008E-05',40),(73,'B','1813.2',40),(74,'A','0.0000594',41),(75,'B','4604.538112',41),(76,'A','0.000118',42),(77,'B','3624',42),(78,'A','0.00007803',43),(79,'B','4022.347041',43),(80,'A','0.0000189',44),(81,'B','6174',44),(82,'','',45),(83,'','',46),(84,'','',47),(85,'A','36.8',48),(86,'','',48),(87,'','',48),(88,'','n',48),(89,'','',49),(90,'A','9.25977E-05',50),(91,'B','1696',50),(92,'A','6.08555E-05',51),(93,'1989','A',51),(94,'A','6.08555E-05',52),(95,'B','1989',52),(96,'A','1.83189E-05',53),(97,'A','2746',53),(98,'A','2.99923E-06',54),(99,'B','3819',54),(100,'A','0.00000845',55),(101,'B','7058.348849',55),(102,'A','0.00000092',56),(103,'B','12344.18797',56),(106,'A','0.6267',58),(107,'B','0.0005',58),(108,'A','2331.93',59),(109,'B','-0.41',59),(110,'A','2446.47',60),(111,'B','-0.39',60),(112,'A','2285.55',61),(113,'B','-0.35',61),(114,'A','2574',62),(115,'B','-0.53',62),(116,'A','2435.85',63),(117,'B','-0.45',63),(118,'A','2331.93',64),(119,'B','-0.41',64),(120,'A','2331.93',65),(121,'B','-0.41',65),(122,'A','2526.5',66),(123,'-0.5','-0.5',66),(124,'A','2526.5',67),(125,'B','-0.5',67),(126,'A','2519.23',68),(127,'B','-0.51',68),(128,'A','2476.47',69),(129,'B','-0.39',69),(130,'A','2562',70),(131,'B','-0.518',70),(132,'A','2572',71),(133,'B','-0.516',71),(134,'A','2574.8',72),(135,'B','-0.529',72),(136,'A','2577.7',73),(137,'B','-0.538',73),(138,'A','2572',74),(139,'B','-0.53',74),(140,'A','0.000173',75),(141,'B','3043',75),(142,'A','0.0000338',76),(143,'B','4738',76),(144,'A','9.95864E-05',77),(145,'B','1617.4',77),(146,'A','0.000112331',78),(147,'B','1519.9',78),(148,'A','9.37562E-05',79),(149,'B','1663.8',79),(150,'A','0.000111',80),(151,'B','3486',80),(152,'A','0.000138',81),(153,'B','3435',81),(154,'A','0.000157',82),(155,'B','3168',82),(156,'A','0.000121',83),(157,'B','3543',83),(158,'A','0.0000338',84),(159,'B','4738',84),(160,'A','0.0009',85),(161,'B','-883.3',85),(162,'0.838','0.838',85),(163,'A','0.838',86),(164,'B','1',86),(165,'A','0.0009',87),(166,'B','-883.3',87),(167,'C','0.838',87),(168,'A','0.4822',88),(169,'B','0.0005',88),(170,'A','2472.2',89),(171,'-0.74','-0.74',89),(172,'A','2472.2',90),(173,'B','-0.74',90),(174,'A','2446.2',91),(175,'B','-0.711',91),(176,'A','0.00004',92),(177,'B','3000',92),(178,'A','0.0000877',93),(179,'B','2240',93),(180,'A','0.0000872',94),(181,'B','2244.397812',94),(182,'A','0.66',95),(183,'B','-2.37E-04',95),(184,'A','-0.0334',96),(185,'B','0.0005',96),(186,'A','3064.4',97),(187,'B','-0.6082',97),(188,'A','3140.6',98),(189,'B','-0.6021',98),(190,'A','3140.6',99),(191,'B','-0.6021',99),(192,'A','3217.44',100),(193,'B','-0.64534',100),(194,'A','3332.7',101),(195,'B','-0.7102',101),(196,'A','3528.2',102),(197,'B','-0.8292',102),(198,'A','2341.53',103),(199,'B','112.00',103),(200,'A','1948.95',104),(201,'B','114.00',104),(202,'A','1959.10',105),(203,'B','115.60',105),(204,'A','2026.28',106),(205,'B','122.00',106),(206,'A','1958.39',107),(207,'B','181.00',107),(208,'A','2687.00',108),(209,'B','-0.5662',108),(210,'A','3093.70',109),(211,'B','-0.7941',109),(212,'A','3444.80',110),(213,'B','-1.0162',110),(214,'A','3064.40',111),(215,'B','-0.6082',111),(216,'A','3140.60',112),(217,'B','-0.6021',112),(218,'N','N',112),(219,'A','3140.60',113),(220,'B','-0.6021',113),(221,'A','3217.44',114),(222,'B','-0.64534',114),(223,'A','3332.70',115),(224,'B','-0.7102',115),(225,'A','3658.151',116),(226,'B','-0.8292',116),(227,'A','3658.151',117),(228,'B','-0.887',117),(229,'A','0.0000159',118),(230,'B','3179',118),(231,'A','0.000236646',119),(232,'B','1474',119),(233,'A','0.000117139',120),(234,'B','1541',120),(235,'A','0.00010843',121),(236,'B','1581.2',121),(237,'A','0.00007360',122),(238,'B','1742',122),(239,'A','0.00006070',123),(240,'B','1982',123),(241,'A','0.00004172',124),(242,'B','2397',124),(243,'A','-0.0321',125),(244,'B','0.0005',125),(245,'A','2000.7',126),(246,'B','-0.4571',126),(247,'A','2079.6',127),(248,'B','-0.5327',127),(249,'0','0',127),(250,'A','2079.6',128),(251,'-0.5327','G',128),(252,'A','2079.6',129),(253,'B','0.5327',129),(254,'A','2046.725',130),(255,'B','-0.5012',130),(256,'A','2047.678723',131),(257,'B','-0.49042766',131),(258,'A','2008.792308',132),(259,'B','-0.464853846',132),(260,'A','2138.7',133),(261,'b','-0.555',133),(262,'A','2383.982',134),(263,'B','-0.474',134),(264,'A','0.0093463',135),(265,'B','-0.000022533',135),(266,'C','2.5006E-08',135),(267,'D','-1.0455E-11',135),(268,'A','0.012051',136),(269,'B','-0.00002018',136),(270,'C','1.069E-08',136),(271,'D','-1.335E-12',136),(272,'A','7.76E-05',137),(273,'B','2.75E+03',137),(274,'A','1.19E-04',138),(275,'B','2.27E+03',138),(276,'A','0.0001408',139),(277,'B','2261.299033',139),(278,'A','0.0000146',140),(279,'B','2230',140),(280,'A','-9.06E-01',141),(281,'B','1.95E-03',141),(282,'A','2.47E-01',142),(283,'B','5.02E-04',142),(284,'A','2064.3099',143),(285,'B','-0.000476248',143),(286,'A','2290.5',144),(287,'B','-0.67242',144),(288,'A','2290.6',145),(289,'B','-0.67606',145),(290,'A','2286.3',146),(291,'B','-0.6622',146),(292,'A','2288.82',147),(293,'B','-0.668332',147),(294,'A','2247.628',148),(295,'B','-0.636',148),(296,'A','2279.088',149),(297,'B','-0.656',149),(298,'A','2345.029',150),(299,'B','-0.773',150),(300,'A','2263.628',151),(301,'B','-0.636',151),(302,'N','N',151),(303,'A','2263.628',152),(304,'B','-0.636',152),(305,'A','8.71E-05',153),(306,'B','2080',153),(307,'A','0.0908112',154),(308,'B','-0.000351716',154),(309,'C','4.66488E-07',154),(310,'D','-2.0861E-10',154),(311,'A','0.000074755',155),(312,'B','2150.335099',155),(313,'A','2.2714E-02',156),(314,'B','-1.2000E-04',156),(315,'C','2.2810E-07',156),(316,'D','-1.4740E-10',156),(317,'A','7.54E-02',157),(318,'B','-2.77E-04',157),(319,'C','3.49E-07',157),(320,'D','-1.47E-10',157),(321,'A','4.39E-01',158),(322,'B','1.55E-04',158),(323,'A','3.90E-01',159),(324,'B','1.92E-04',159),(325,'A','2.94E-01',160),(326,'B','3.10E-04',160),(327,'A','2.94E-01',161),(328,'B','3.10E-04',161),(329,'A','3.77E-01',162),(330,'B','3.14E-04',162),(331,'A','4.39E-01',163),(332,'B','2.01E-04',163),(333,'A','4.86E-01',164),(334,'B','1.42E-04',164),(335,'A','4.65E-01',165),(336,'B','1.68E-04',165),(337,'A','5.53E-01',166),(338,'B','-1.83E-04',166),(339,'A','5.53E-01',167),(340,'B','-1.83E-04',167),(341,'A','6.11E-01',168),(342,'B','-2.44E-04',168),(343,'A','5.86E-01',169),(344,'B','-2.17E-04',169),(345,'A','4.93E-01',170),(346,'B','-5.89E-05',170),(347,'A','4.93E-01',171),(348,'B','-5.89E-05',171),(349,'A','3.91E-01',172),(350,'B','1.90E-04',172),(351,'A','0.391113169',173),(352,'B','0.000190024',173),(353,'A','0.391113169',174),(354,'B','0.000190024',174),(355,'A','2462.671717',175),(356,'B','-1.215667663',175),(357,'A','1396.154912',176),(358,'B','0.171828',176),(359,'A','1396.044',177),(360,'B','0.172',177),(361,'-','-',178),(362,'-','-',179),(363,'-','-',180),(364,'-','-',180),(365,'A','2238.542',181),(366,'B','-0.654',181),(367,'A','998,3499289',182),(368,'B','0.820483642',182),(369,'A','2271',183),(370,'B','-0.72',183),(371,'A','1116',184),(372,'B','0.7072',184),(373,'A','2394,106',185),(374,'B','-0,822',185),(375,'A','0.000902163',186),(376,'B','266.8',186),(377,'C','-271.2797',186),(378,'A','0,2619713',187),(379,'B','0,000498',187);
/*!40000 ALTER TABLE `moltensalts_equation` ENABLE KEYS */;
UNLOCK TABLES;

--
-- Table structure for table `moltensalts_equationranget`
--

DROP TABLE IF EXISTS `moltensalts_equationranget`;
/*!40101 SET @saved_cs_client     = @@character_set_client */;
/*!40101 SET character_set_client = utf8 */;
CREATE TABLE `moltensalts_equationranget` (
  `id` int(11) NOT NULL AUTO_INCREMENT,
  `image` varchar(30) NOT NULL,
  `temperatureMax` double DEFAULT NULL,
  `temperatureMin` double DEFAULT NULL,
  PRIMARY KEY (`id`)
) ENGINE=InnoDB AUTO_INCREMENT=188 DEFAULT CHARSET=latin1;
/*!40101 SET character_set_client = @saved_cs_client */;

--
-- Dumping data for table `moltensalts_equationranget`
--

LOCK TABLES `moltensalts_equationranget` WRITE;
/*!40000 ALTER TABLE `moltensalts_equationranget` DISABLE KEYS */;
INSERT INTO `moltensalts_equationranget` VALUES (1,'equation_0013.png',920,800),(2,'equation_0003.png',NULL,NULL),(3,'equation_0000.png',NULL,NULL),(4,'equation_0000.png',1170,940),(5,'equation_0000.png',1023,723),(6,'equation_0000.png',1170,940),(7,'equation_0000.png',1100,750),(8,'equation_0000.png',1163,933),(9,'equation_0003.png',1073,773),(10,'equation_0003.png',1073,773),(11,'equation_0004.png',973,773),(12,'equation_0003.png',970,770),(13,'equation_0003.png',1163,933),(14,'equation_0013.png',920,800),(15,'equation_0014.png',1080,790),(16,'equation_0014.png',NULL,NULL),(17,'equation_0016.png',860,750),(18,'equation_0000.png',NULL,NULL),(19,'equation_0000.png',NULL,NULL),(20,'equation_0000.png',1094,788),(21,'equation_0000.png',1073,873),(22,'equation_null.png',NULL,NULL),(23,'equation_null.png',NULL,NULL),(24,'equation_null.png',NULL,NULL),(25,'equation_null.png',NULL,NULL),(26,'equation_null.png',NULL,NULL),(27,'equation_null.png',NULL,NULL),(28,'equation_null.png',NULL,NULL),(29,'equation_null.png',NULL,NULL),(30,'equation_null.png',NULL,NULL),(31,'equation_0000.png',NULL,NULL),(32,'equation_0000.png',1050,800),(33,'equation_0000.png',1133.8,927),(34,'equation_0000.png',1134.5,854.2),(35,'equation_0000.png',1141,1016.5),(36,'equation_0000.png',1023,723),(37,'equation_0000.png',1023,723),(38,'equation_0003.png',1073,873),(39,'equation_0003.png',NULL,NULL),(40,'equation_0004.png',NULL,NULL),(41,'equation_0003.png',873,735),(42,'equation_0003.png',1073,873),(43,'equation_0003.png',1573,812.5),(44,'equation_0003.png',NULL,NULL),(45,'equation_null.png',NULL,NULL),(46,'equation_null.png',NULL,NULL),(47,'equation_null.png',NULL,NULL),(48,'equation_null.png',NULL,NULL),(49,'equation_null.png',NULL,NULL),(50,'equation_0003.png',1209,903),(51,'equation_0003.png',1213,825),(52,'equation_0003.png',1213,825),(53,'equation_0003.png',1241,802),(54,'equation_0003.png',1205,823),(55,'equation_0003.png',850,649),(56,'equation_0003.png',978,763),(58,'equation_0013.png',NULL,NULL),(59,'equation_0000.png',NULL,NULL),(60,'equation_0000.png',1023,823),(61,'equation_0000.png',1023,823),(62,'equation_0000.png',1270,850),(63,'equation_0000.png',NULL,NULL),(64,'equation_0000.png',1023,823),(65,'equation_0000.png',1023,823),(66,'equation_0000.png',1023,823),(67,'equation_0000.png',1023,823),(68,'equation_0000.png',1023,823),(69,'equation_0000.png',1023,823),(70,'equation_0000.png',1270,850),(71,'equation_0000.png',1270,850),(72,'equation_0000.png',1270,850),(73,'equation_0000.png',1270,850),(74,'equation_0000.png',1270,850),(75,'equation_0003.png',1073,873),(76,'equation_0003.png',NULL,NULL),(77,'equation_0004.png',NULL,NULL),(78,'equation_0004.png',NULL,NULL),(79,'equation_0004.png',NULL,NULL),(80,'equation_0003.png',1073,873),(81,'equation_0003.png',1073,873),(82,'equation_0003.png',1073,873),(83,'equation_0003.png',1023,823),(84,'equation_0003.png',1023,823),(85,'equation_0015.png',NULL,NULL),(86,'equation_0015.png',NULL,NULL),(87,'equation_0015.png',NULL,NULL),(88,'equation_0014.png',NULL,NULL),(89,'equation_0000.png',NULL,NULL),(90,'equation_0000.png',NULL,NULL),(91,'equation_0000.png',864,673),(92,'equation_0003.png',700,400),(93,'equation_0003.png',810,682),(94,'equation_0003.png',906,799),(95,'equation_0014.png',1000,740),(96,'equation_0014.png',NULL,NULL),(97,'equation_0000.png',1177,1066),(98,'equation_0000.png',1177,872),(99,'equation_0000.png',1151,872),(100,'equation_0000.png',1150,953),(101,'equation_0000.png',1150,953),(102,'equation_0000.png',1173,949),(103,'equation_0001.png',1241,1141),(104,'equation_0001.png',1185,921),(105,'equation_0001.png',1151,882),(106,'equation_0001.png',1151,882),(107,'equation_0001.png',1194,973),(108,'equation_0000.png',1189,1118),(109,'equation_0000.png',1181,1060),(110,'equation_0000.png',1230,1158),(111,'equation_0000.png',1171,1066),(112,'equation_0000.png',1151,872),(113,'equation_0000.png',1151,872),(114,'equation_0000.png',1150,953),(115,'equation_0000.png',1150,953),(116,'equation_0000.png',1173,949),(117,'equation_0000.png',NULL,NULL),(118,'equation_0003.png',NULL,NULL),(119,'equation_0004.png',1241,1141),(120,'equation_0004.png',1185,921),(121,'equation_0004.png',1185,921),(122,'equation_0004.png',1151,882),(123,'equation_0004.png',1194,973),(124,'equation_0004.png',1171,1070),(125,'equation_0014.png',NULL,NULL),(126,'equation_0000.png',1174,1017),(127,'equation_0000.png',1120,1050),(128,'equation_0000.png',1120,1050),(129,'equation_0000.png',1120,1050),(130,'equation_0000.png',1120,1050),(131,'equation_0000.png',1120,1050),(132,'equation_0000.png',1120,1050),(133,'equation_0000.png',1140,1030),(134,'equation_0000.png',NULL,NULL),(135,'equation_0005.png',1189,891),(136,'equation_0005.png',1090,910),(137,'equation_0003.png',1040,900),(138,'equation_0003.png',1080,900),(139,'equation_0003.png',1030,900),(140,'equation_0003.png',NULL,NULL),(141,'equation_0014.png',780,740),(142,'equation_0014.png',765,725),(143,'equation_0002.png',775,625),(144,'equation_0000.png',720,625),(145,'equation_0000.png',720,625),(146,'equation_0000.png',720,625),(147,'equation_0000.png',720,625),(148,'equation_0000.png',873,573),(149,'equation_0000.png',873,573),(150,'equation_0000.png',653,513),(151,'equation_0000.png',873,573),(152,'equation_0000.png',873,573),(153,'equation_0003.png',720,570),(154,'equation_0005.png',720,570),(155,'equation_0003.png',720,570),(156,'equation_0006.png',873,573),(157,'equation_0005.png',873,533),(158,'equation_0014.png',730,604),(159,'equation_0014.png',727,612),(160,'equation_0014.png',727,624),(161,'equation_0014.png',730,604),(162,'equation_0014.png',NULL,NULL),(163,'equation_0014.png',NULL,NULL),(164,'equation_0014.png',NULL,NULL),(165,'equation_0014.png',NULL,NULL),(166,'equation_0014.png',595,500),(167,'equation_0014.png',595,500),(168,'equation_0014.png',595,545),(169,'equation_0014.png',595,545),(170,'equation_0014.png',675,525),(171,'equation_0014.png',675,525),(172,'equation_0014.png',873,573),(173,'eqution_0014.png',NULL,NULL),(174,'equation_0014.png',NULL,NULL),(175,'equation_0016.png',770,510),(176,'equation_0016.png',873,573),(177,'equation_0016.png',873,573),(178,'equation_null.png',573.15,423.15),(179,'equation_null.png',573.15,523.15),(180,'equation_null.png',573.15,423.15),(181,'equation_0000.png',773.15,423.15),(182,'equation_0016.png',623.15,423.15),(183,'equation_0000.png',623.15,381.15),(184,'equation_0000.png',623.15,381.15),(185,'equation_0000.png',673.15,473.15),(186,'equation_0004.png',673.15,433.15),(187,'equation_0014.png',573.15,373.15);
/*!40000 ALTER TABLE `moltensalts_equationranget` ENABLE KEYS */;
UNLOCK TABLES;

--
-- Table structure for table `moltensalts_parameter`
--

DROP TABLE IF EXISTS `moltensalts_parameter`;
/*!40101 SET @saved_cs_client     = @@character_set_client */;
/*!40101 SET character_set_client = utf8 */;
CREATE TABLE `moltensalts_parameter` (
  `id` int(11) NOT NULL AUTO_INCREMENT,
  `name` varchar(30) NOT NULL,
  PRIMARY KEY (`id`)
) ENGINE=InnoDB AUTO_INCREMENT=6 DEFAULT CHARSET=latin1;
/*!40101 SET character_set_client = @saved_cs_client */;

--
-- Dumping data for table `moltensalts_parameter`
--

LOCK TABLES `moltensalts_parameter` WRITE;
/*!40000 ALTER TABLE `moltensalts_parameter` DISABLE KEYS */;
INSERT INTO `moltensalts_parameter` VALUES (1,'Density'),(2,'Viscosity'),(3,'Thermal Conductivity'),(4,'Heat Capacity'),(5,'Melting Point');
/*!40000 ALTER TABLE `moltensalts_parameter` ENABLE KEYS */;
UNLOCK TABLES;

--
-- Table structure for table `moltensalts_property`
--

DROP TABLE IF EXISTS `moltensalts_property`;
/*!40101 SET @saved_cs_client     = @@character_set_client */;
/*!40101 SET character_set_client = utf8 */;
CREATE TABLE `moltensalts_property` (
  `id` int(11) NOT NULL AUTO_INCREMENT,
  `parameter_id` int(11) NOT NULL,
  `salt_id` int(11) NOT NULL,
  `cite_id` int(11) NOT NULL,
  `composition` varchar(300) NOT NULL,
  `unit` varchar(100) NOT NULL,
  `origin` varchar(40) NOT NULL,
  `valueRangeT_id` int(11) DEFAULT NULL,
  `equationRangeT_id` int(11) DEFAULT NULL,
  `valueT_id` int(11) DEFAULT NULL,
  PRIMARY KEY (`id`),
  KEY `moltensalts_property_741c8c04` (`parameter_id`),
  KEY `moltensalts_property_1e2508` (`salt_id`),
  KEY `moltensalts_property_31b78787` (`cite_id`),
  KEY `moltensalts_property_3a530031` (`valueRangeT_id`),
  KEY `moltensalts_property_36f199fd` (`equationRangeT_id`),
  KEY `moltensalts_property_11c7845b` (`valueT_id`),
  CONSTRAINT `valueRangeT_id_refs_id_63f38b1d` FOREIGN KEY (`valueRangeT_id`) REFERENCES `moltensalts_valueranget` (`id`),
  CONSTRAINT `cite_id_refs_id_5b17d4a9` FOREIGN KEY (`cite_id`) REFERENCES `moltensalts_cite` (`id`),
  CONSTRAINT `equationRangeT_id_refs_id_674b59cd` FOREIGN KEY (`equationRangeT_id`) REFERENCES `moltensalts_equationranget` (`id`),
  CONSTRAINT `parameter_id_refs_id_2a921470` FOREIGN KEY (`parameter_id`) REFERENCES `moltensalts_parameter` (`id`),
  CONSTRAINT `salt_id_refs_id_1c8b0eb6` FOREIGN KEY (`salt_id`) REFERENCES `moltensalts_salt` (`id`),
  CONSTRAINT `valueT_id_refs_id_3d1b1695` FOREIGN KEY (`valueT_id`) REFERENCES `moltensalts_valuet` (`id`)
) ENGINE=InnoDB AUTO_INCREMENT=302 DEFAULT CHARSET=latin1;
/*!40101 SET character_set_client = @saved_cs_client */;

--
-- Dumping data for table `moltensalts_property`
--

LOCK TABLES `moltensalts_property` WRITE;
/*!40000 ALTER TABLE `moltensalts_property` DISABLE KEYS */;
INSERT INTO `moltensalts_property` VALUES (1,3,1,2,'0.465-0.115-0.42','W/(m·K)','Experiment',NULL,1,NULL),(2,2,2,3,'0.66-0.34','Pa·s','Unknown',NULL,2,NULL),(3,4,2,1,'0.69–0.31','J/(kg·K)','Unknown',NULL,NULL,1),(4,4,2,1,'0.50–0.50','J/(kg·K)','Unknown',NULL,NULL,2),(5,4,2,3,'0.66–0.34','J/(kg·K)','Experiment',NULL,NULL,3),(6,1,1,1,'0.465-0.115-0.42','kg/m^3','Unknown',NULL,3,NULL),(7,1,1,2,'0.465-0.115-0.42','kg/m^3','Experiment',NULL,4,NULL),(8,1,1,9,'0.465-0.115-0.42','kg/m^3','Theory',NULL,5,NULL),(9,1,1,10,'0.465-0.115-0.42','kg/m^3','Experiment',NULL,6,NULL),(10,1,1,11,'0.465-0.115-0.42','kg/m^3','Theory',NULL,7,NULL),(11,1,1,12,'0.465-0.115-0.42','kg/m^3','Experiment',NULL,8,NULL),(12,2,1,13,'0.465-0.115-0.42','Pa·s','Experiment',NULL,9,NULL),(13,2,1,14,'0.465-0.115-0.42','Pa·s','Unknown',NULL,10,NULL),(14,2,1,10,'0.465-0.115-0.42','Pa·s','Experiment',NULL,11,NULL),(15,2,1,2,'0.465-0.115-0.42','Pa·s','Experiment',NULL,12,NULL),(16,2,1,12,'0.465-0.115-0.42','Pa·s','Experiment',NULL,13,NULL),(17,3,1,15,'0.465-0.115-0.42','W/(m·K)','Unknown',1,NULL,NULL),(18,3,1,16,'0.465-0.115-0.42','W/(m·K)','Unknown',2,NULL,NULL),(19,3,1,1,'0.465-0.115-0.42','W/(m·K)','Unknown',NULL,NULL,4),(20,3,1,2,'0.465-0.115-0.42','W/(m·K)','Experiment',NULL,14,NULL),(21,3,1,14,'0.465-0.115-0.42','W/(m·K)','Unknown',NULL,NULL,5),(22,3,1,9,'0.465-0.115-0.42','W/(m·K)','Theory',NULL,NULL,6),(23,3,1,17,'0.465-0.115-0.42','W/(m·K)','Experiment',3,NULL,NULL),(24,3,1,18,'0.465-0.115-0.42','W/(m·K)','Experiment',4,NULL,NULL),(25,3,1,19,'0.465-0.115-0.42','W/(m·K)','Experiment',NULL,15,NULL),(26,3,1,20,'0.465-0.115-0.42','W/(m·K)','Theory',NULL,16,NULL),(27,3,1,21,'0.465-0.115-0.42','W/(m·K)','Theory',NULL,NULL,7),(28,3,1,21,'0.465-0.115-0.42','W/(m·K)','Theory',NULL,NULL,8),(29,4,1,1,'0.465-0.115-0.42','J/(kg·K)','Unknown',NULL,NULL,9),(30,4,1,14,'0.465-0.115-0.42','J/(kg·K)','Unknown',NULL,NULL,10),(31,4,1,2,'0.465-0.115-0.42','J/(kg·K)','Experiment',5,NULL,NULL),(32,4,1,15,'0.465-0.115-0.42','J/(kg·K)','Unknown',NULL,NULL,11),(33,4,1,22,'0.465-0.115-0.42','J/(kg·K)','Theory',6,NULL,NULL),(34,4,1,20,'0.465-0.115-0.42','J/(kg·K)','Theory',NULL,NULL,12),(35,4,1,11,'0.465-0.115-0.42','J/(kg·K)','Theory',NULL,NULL,13),(36,4,1,23,'0.465-0.115-0.42','J/(kg·K)','Theory',NULL,NULL,14),(37,4,1,24,'0.465-0.115-0.42','J/(kg·K)','Experiment',NULL,17,NULL),(38,1,2,25,'0.66-0.34','kg/m^3','Theory',NULL,18,NULL),(39,1,2,3,'0.66-0.34','kg/m^3','Unknown',NULL,19,NULL),(40,1,2,27,'0.66-0.34','kg/m^3','Experiment',NULL,20,NULL),(41,1,2,28,'0.667-0.333','kg/m^3','Experiment',NULL,21,NULL),(42,1,2,28,'0.6267-0.3733','kg/m^3','Experiment',NULL,22,NULL),(43,1,2,28,'0.69-0.31','kg/m^3','Experiment',NULL,23,NULL),(44,1,2,28,'0.45-0.55','kg/m^3','Experiment',NULL,25,NULL),(45,1,2,28,'0.50-0.50','kg/m^3','Experiment',NULL,28,NULL),(46,1,2,28,'0.5667-0.4333','kg/m^3','Experiment',NULL,29,NULL),(47,1,2,28,'0.80-0.20','kg/m^3','Experiment',NULL,30,NULL),(48,1,2,1,'0.69-0.31','kg/m^3','Unknown',NULL,31,NULL),(49,1,2,1,'0.50-0.50','kg/m^3','Unknown',NULL,32,NULL),(50,1,2,29,'0.498-0.502','kg/m^3','Experiment',NULL,33,NULL),(51,1,2,29,'0.251-0.749','kg/m^3','Experiment',NULL,34,NULL),(52,1,2,29,'0.108-0.892','kg/m^3','Experiment',NULL,35,NULL),(53,1,2,9,'0.69-0.31','kg/m^3','Theory',NULL,36,NULL),(54,1,2,9,'0.50-0.50','kg/m^3','Theory',NULL,37,NULL),(55,2,2,28,'0.6267-0.3733','Pa·s','Experiment',NULL,38,NULL),(56,2,2,25,'0.66-0.34','Pa·s','Experiment',NULL,39,NULL),(57,2,2,30,'0.66-0.34','Pa·s','Unknown',NULL,40,NULL),(58,2,2,29,'0.64-0.36','Pa·s','Experiment',NULL,41,NULL),(59,2,2,13,'0.69-0.31','Pa·s','Experiment',NULL,42,NULL),(60,2,2,31,'0.67-0.33','Pa·s','Experiment',NULL,43,NULL),(61,2,2,1,'0.50-0.50','Pa·s','Unknown',NULL,44,NULL),(62,2,2,28,'0.69-0.31','Pa·s','Experiment',NULL,45,NULL),(63,2,2,28,'0.5667-0.4333','Pa·s','Experiment',NULL,46,NULL),(64,2,2,28,'0.50-0.50','Pa·s','Experiment',NULL,47,NULL),(65,2,2,28,'0.45-0.55','Pa·s','Experiment',NULL,49,NULL),(66,2,2,30,'0.70-0.30','Pa·s','Unknown',NULL,50,NULL),(67,2,2,30,'0.60-0.40','Pa·s','Unknown',NULL,52,NULL),(68,2,2,30,'0.50-0.50','Pa·s','Unknown',NULL,53,NULL),(69,2,2,30,'0.40-0.60','Pa·s','Unknown',NULL,54,NULL),(70,2,2,29,'0.50-0.50','Pa·s','Experiment',NULL,55,NULL),(71,2,2,29,'0.25-0.75','Pa·s','Experiment',NULL,56,NULL),(72,3,2,25,'0.66-0.34','W/(m·K)','Experiment',NULL,NULL,15),(73,3,2,3,'0.66-0.34','W/(m·K)','Experiment',NULL,NULL,16),(74,3,2,32,'0.66-0.34','W/(m·K)','Experiment',NULL,NULL,17),(75,3,2,32,'0.66-0.34','W/(m·K)','Experiment',NULL,NULL,18),(76,3,2,17,'0.66-0.34','W/(m·K)','Experiment',7,NULL,NULL),(78,3,2,20,'0.66-0.34','W/(m·K)','Theory',NULL,58,NULL),(79,3,2,21,'0.66-0.34','W/(m·K)','Theory',NULL,NULL,19),(80,4,2,25,'0.66–0.34','J/(kg·K)','Experiment',NULL,NULL,20),(81,4,2,34,'0.66–0.34','J/(kg·K)','Experiment',8,NULL,NULL),(82,4,2,23,'0.66–0.34','J/(kg·K)','Theory',NULL,NULL,21),(84,4,2,20,'0.66–0.34','J/(kg·K)','Theory',NULL,NULL,24),(85,1,3,1,'0.35–0.27–0.38','kg/m^3','Unknown',NULL,59,NULL),(86,1,3,9,'0.24–0.53–0.23','kg/m^3','Experiment',NULL,60,NULL),(87,1,3,9,'0.20–0.35–0.46','kg/m^3','Theory',NULL,61,NULL),(88,1,3,20,'0.17–0.58–0.25','kg/m^3','Theory',NULL,62,NULL),(89,1,3,3,'0.31–0.31–0.38','kg/m^3','Theory',NULL,63,NULL),(90,1,3,9,'0.16–0.56–0.28','kg/m^3','Theory',NULL,64,NULL),(91,1,3,9,'0.35–0.27–0.38','kg/m^3','Theory',NULL,65,NULL),(92,1,3,9,'0.05–0.64–0.31','kg/m^3','Theory',NULL,67,NULL),(93,1,3,9,'0.075–0.635–0.29','kg/m^3','Theory',NULL,68,NULL),(94,1,3,9,'0.36–0.49–0.15','kg/m^3','Theory',NULL,69,NULL),(95,1,3,20,'0.18–0.58–0.24','kg/m^3','Theory',NULL,70,NULL),(96,1,3,20,'0.07–0.642–0.288','kg/m^3','Theory',NULL,71,NULL),(97,1,3,20,'0.143–0.59–0.267','kg/m^3','Theory',NULL,72,NULL),(98,1,3,20,'0.22–0.567–0.213','kg/m^3','Theory',NULL,73,NULL),(99,1,3,20,'0.15–0.58–0.27','kg/m^3','Theory',NULL,74,NULL),(100,2,3,13,'0.36–0.49–0.15','Pa·s','Experiment',NULL,75,NULL),(101,2,3,1,'0.35–0.27–0.38','Pa·s','Unknown',NULL,76,NULL),(102,2,3,20,'0.1433–0.5926–0.2667','Pa·s','Theory',NULL,77,NULL),(103,2,3,20,'0.22–0.5666–0.2133','Pa·s','Theory',NULL,78,NULL),(104,2,3,20,'0.0703–0.642–0.2877','Pa·s','Theory',NULL,79,NULL),(105,2,3,13,'0.16–0.56–0.28','Pa·s','Experiment',NULL,80,NULL),(106,2,3,13,'0.05–0.64–0.31','Pa·s','Experiment',NULL,81,NULL),(107,2,3,13,'0.24–0.53–0.23','Pa·s','Experiment',NULL,82,NULL),(108,2,3,9,'0.075–0.635–0.29','Pa·s','Theory',NULL,83,NULL),(109,2,3,9,'0.35–0.27–0.38','Pa·s','Theory',NULL,84,NULL),(110,3,3,35,'0.05-0.53-0.42','W/(m·K)','Unknown',NULL,NULL,25),(111,3,3,35,'0.23-0.41-0.36','W/(m·K)','Unknown',NULL,NULL,26),(112,3,3,36,'0.071-0.641-0.288','W/(m·K)','Experiment',NULL,87,NULL),(113,3,3,20,'0.31-0.31-0.38','W/(m·K)','Theory',NULL,88,NULL),(114,3,3,21,'0.31-0.31-0.38','W/(m·K)','Theory',NULL,NULL,27),(115,4,3,1,'0.35-0.27-0.38','J/(kg·K)','Unknown',NULL,NULL,28),(116,4,3,9,'0.16-0.56-0.28','J/(kg·K)','Experiment',NULL,NULL,29),(117,4,3,9,'0.05-0.64-0.31','J/(kg·K)','Experiment',NULL,NULL,30),(118,4,3,9,'0.24-0.53-0.23','J/(kg·K)','Experiment',NULL,NULL,31),(119,4,3,9,'0.36-0.49-0.15','J/(kg·K)','Experiment',NULL,NULL,32),(120,4,3,9,'0.20-0.35-0.46','J/(kg·K)','Theory',NULL,NULL,33),(121,4,3,9,'0.075-0.635-0.29','J/(kg·K)','Experiment',NULL,NULL,34),(122,4,3,35,'0.05-0.53-0.42','J/(kg·K)','Experiment',NULL,NULL,35),(123,4,3,35,'0.23-0.41-0.36','J/(kg·K)','Unknown',NULL,NULL,36),(124,4,3,20,'0.31–0.31–0.38','J/(kg·K)','Theory',9,NULL,NULL),(125,4,3,20,'0.07–0.642–0.288','J/(kg·K)','Theory',10,NULL,NULL),(126,4,3,20,'0.143–0.59–0.267','J/(kg·K)','Theory',11,NULL,NULL),(127,4,3,20,'0.22–0.567–0.213','J/(kg·K)','Theory',12,NULL,NULL),(128,4,3,23,'0.31–0.31–0.38','J/(kg·K)','Theory',NULL,NULL,37),(129,1,4,25,'0.08-0.92','kg/m^3','Experiment',NULL,90,NULL),(130,1,4,27,'0.08-0.92','kg/m^3','Experiment',NULL,91,NULL),(131,2,4,25,'0.08-0.92','Pa·s','Theory',NULL,92,NULL),(132,2,4,27,'0.08-0.92','Pa·s','Experiment',NULL,93,NULL),(133,2,4,45,'0.08-0.92','Pa·s','Experiment',NULL,94,NULL),(134,3,4,25,'0.08-0.92','W/(m·K)','Experiment',NULL,NULL,38),(135,3,4,32,'0.08-0.92','W/(m·K)','Experiment',NULL,NULL,39),(136,3,4,73,'0.08-0.92','W/(m·K)','Unknown',NULL,95,NULL),(137,3,4,35,'0.04-0.96','W/(m·K)','Unknown',NULL,NULL,40),(138,3,4,20,'0.08-0.92','W/(m·K)','Theory',NULL,96,NULL),(139,3,4,21,'0.08-0.92','W/(m·K)','Theory',NULL,NULL,41),(140,4,4,25,'0.08-0.92','J/(kg·K)','Experiment',NULL,NULL,42),(141,4,4,20,'0.08-0.92','J/(kg·K)','Theory',NULL,NULL,43),(142,4,4,35,'0.04-0.96','J/(kg·K)','Unknown',NULL,NULL,44),(143,1,5,37,'0.67-0.33','kg/m^3','Experiment',NULL,97,NULL),(144,1,5,37,'0.60-0.40','kg/m^3','Experiment',NULL,99,NULL),(145,1,5,37,'0.58-0.42','kg/m^3','Experiment',NULL,100,NULL),(146,1,5,37,'0.55-0.45','kg/m^3','Experiment',NULL,101,NULL),(147,1,5,37,'0.50-0.50','kg/m^3','Experiment',NULL,102,NULL),(148,1,5,38,'0.67-0.33','kg/m^3','Experiment',NULL,103,NULL),(149,1,5,38,'0.60-0.40','kg/m^3','Experiment',NULL,104,NULL),(150,1,5,38,'0.58-0.42','kg/m^3','Experiment',NULL,105,NULL),(151,1,5,38,'0.50-0.50','kg/m^3','Experiment',NULL,106,NULL),(152,1,5,38,'0.40-0.60','kg/m^3','Experiment',NULL,107,NULL),(153,1,5,39,'0.95-0.05','kg/m^3','Experiment',NULL,108,NULL),(154,1,5,39,'0.87-0.13','kg/m^3','Experiment',NULL,109,NULL),(155,1,5,39,'0.80-0.20','kg/m^3','Experiment',NULL,110,NULL),(156,1,5,39,'0.67-0.33','kg/m^3','Experiment',NULL,111,NULL),(157,1,5,39,'0.60-0.40','kg/m^3','Experiment',NULL,113,NULL),(158,1,5,39,'0.58-0.42','kg/m^3','Experiment',NULL,114,NULL),(159,1,5,39,'0.55-0.45','kg/m^3','Experiment',NULL,115,NULL),(160,1,5,39,'0.50-0.50','kg/m^3','Experiment',NULL,116,NULL),(161,1,5,40,'0.58-0.42','kg/m^3','Unknown',NULL,117,NULL),(162,1,5,41,'0.666-0.333','kg/m^3','Experiment',NULL,NULL,45),(163,1,5,41,'0.75-0.25','kg/m^3','Experiment',NULL,NULL,46),(164,1,5,42,'0.67-0.33','kg/m^3','Experiment',NULL,NULL,47),(165,1,5,42,'0.70-0.30','kg/m^3','Experiment',NULL,NULL,48),(166,1,5,42,'0.75-0.25','kg/m^3','Experiment',NULL,NULL,49),(167,1,5,42,'0.80-0.20','kg/m^3','Experiment',NULL,NULL,50),(168,1,5,42,'0.85-0.15','kg/m^3','Experiment',NULL,NULL,51),(169,1,5,42,'0.90-0.10','kg/m^3','Experiment',NULL,NULL,52),(170,1,5,42,'0.95-0.05','kg/m^3','Experiment',NULL,NULL,53),(171,1,5,42,'0.58-0.42','kg/m^3','Experiment',NULL,NULL,54),(172,2,5,41,'0.67-0.33','Pa·s','Experiment',NULL,NULL,55),(173,2,5,41,'0.75-0.252','Pa·s','Experiment',NULL,NULL,56),(174,2,5,42,'0.95-0.05','Pa·s','Experiment',NULL,NULL,57),(175,1,5,42,'0.90-0.10','kg/m^3','Experiment',NULL,NULL,58),(176,2,5,42,'0.85-0.15','Pa·s','Experiment',NULL,NULL,59),(177,2,5,42,'0.80-0.20','Pa·s','Experiment',NULL,NULL,60),(178,2,5,42,'0.75-0.25','kg/m^3','Experiment',NULL,NULL,61),(179,2,5,42,'0.70-0.30','Pa·s','Experiment',NULL,NULL,62),(180,2,5,42,'0.67-0.33','Pa·s','Experiment',NULL,NULL,63),(181,2,5,42,'0.58-0.42','Pa·s','Experiment',NULL,NULL,64),(182,2,5,3,'0.58-0.42','Pa·s','Unknown',NULL,118,NULL),(183,2,5,38,'0.67-0.33','Pa·s','Experiment',NULL,119,NULL),(184,2,5,38,'0.60-0.40','Pa·s','Experiment',NULL,120,NULL),(185,2,5,38,'0.58-0.42','Pa·s','Experiment',NULL,121,NULL),(186,2,5,38,'0.50-0.50','Pa·s','Experiment',NULL,122,NULL),(187,2,5,38,'0.40-0.60','Pa·s','Experiment',NULL,123,NULL),(188,2,5,38,'0.20-0.80','Pa·s','Experiment',NULL,124,NULL),(189,3,5,20,'0.58-0.42','W/(m·K)','Theory',NULL,125,NULL),(190,3,5,21,'0.58-0.42','W/(m·K)','Theory',NULL,NULL,65),(191,4,5,20,'0.58-0.42','J/(kg·K)','Theory',NULL,NULL,66),(192,4,5,23,'0.58-0.42','J/(kg·K)','Theory',NULL,NULL,67),(193,1,6,43,'0.672-0.328','kg/m^3','Experiment',NULL,126,NULL),(194,1,6,43,'0.72-0.25','kg/m^3','Experiment',NULL,129,NULL),(195,1,6,43,'0.70-0.30','kg/m^3','Experiment',NULL,130,NULL),(196,1,6,43,'0.64-0.36','kg/m^3','Experiment',NULL,131,NULL),(197,1,6,43,'0.68-0.32','kg/m^3','Experiment',NULL,132,NULL),(198,1,6,43,'0.578-0.422','kg/m^3','Experiment',NULL,133,NULL),(199,1,6,40,'0.67-0.33','kg/m^3','Unknown',NULL,134,NULL),(200,2,6,43,'0.67-0.33','Pa·s','Experiment',NULL,135,NULL),(201,2,6,43,'0.657-0.343','Pa·s','Experiment',NULL,136,NULL),(202,2,6,43,'0.561-0.439','Pa·s','Experiment',NULL,137,NULL),(203,2,6,43,'0.75-0.25','Pa·s','Experiment',NULL,138,NULL),(204,2,6,42,'0.676-0.324','Pa·s','Experiment',NULL,139,NULL),(205,2,6,40,'0.67-0.33','Pa·s','Unknown',NULL,140,NULL),(206,3,6,2,'0.71-0.29','W/(m·K)','Experiment',NULL,141,NULL),(207,3,6,2,'0.66-0.34','W/(m·K)','Experiment',NULL,142,NULL),(208,3,6,21,'0.58-0.42','W/(m·K)','Experiment',NULL,NULL,68),(209,3,6,21,'0.58-0.42','W/(m·k)','Experiment',NULL,NULL,69),(210,4,6,2,'0.666-0.334','J/(kg·K)','Theory',13,NULL,NULL),(211,4,6,2,'0.418-0.582','J/(kg·K)','Theory',14,NULL,NULL),(212,4,6,40,'0.67-0.33','J/(kg·K)','Experiment',NULL,NULL,70),(213,1,7,47,'0.64-0.36','kg/m^3','Experiment',NULL,143,NULL),(214,1,7,42,'0.60-0.40','kg/m^3','Experiment',NULL,144,NULL),(215,1,7,42,'0.50-0.50','kg/m^3','Experiment',NULL,145,NULL),(216,1,7,42,'0.70-0.30','kg/m^3','Experiment',NULL,146,NULL),(217,1,7,42,'0.64-0.36','kg/m^3','Experiment',NULL,147,NULL),(218,1,7,48,'0.50-0.50','kg/m^3','Experiment',NULL,148,NULL),(219,1,7,48,'0.50-0.50','kg/m^3','Experiment',NULL,149,NULL),(220,1,7,49,'0.50-0.50','kg/m^3','Experiment',NULL,150,NULL),(221,1,7,50,'0.50-0.50','kg/m^3','Experiment',NULL,152,NULL),(222,2,7,47,'0.25-0.75','Pa·s','Experiment',NULL,153,NULL),(223,2,7,47,'0.50-0.50','kg/m^3','Experiment',NULL,154,NULL),(224,2,7,42,'0.50-0.50','kg/m^3','Experiment',NULL,155,NULL),(225,2,7,50,'0.50-0.50','kg/m^3','Experiment',NULL,156,NULL),(226,2,7,51,'0.50-0.50','Pa·s','Unknown',NULL,157,NULL),(227,3,7,52,'0.75-0.25','W/(m·K)','Experiment',NULL,158,NULL),(228,3,7,52,'0.50-0.50','W/(m·K)','Experiment',NULL,159,NULL),(229,3,7,52,'0.25-0.75','W/(m·K)','Experiment',NULL,160,NULL),(230,3,7,52,'0.64-0.36','W/(m·K)','Experiment',NULL,161,NULL),(231,3,7,53,'0.25-0.75','W/(m·K)','Experiment',NULL,162,NULL),(232,3,7,53,'0.50-0.50','W/(m·k)','Experiment',NULL,163,NULL),(233,3,7,53,'0.75-0.25','W/(m·K)','Experiment',NULL,164,NULL),(234,3,7,53,'0.64-0.36','W/(m·K)','Experiment',NULL,165,NULL),(235,3,7,54,'0.50-0.50','W/(m·K)','Experiment',NULL,167,NULL),(236,3,7,54,'0.75-0.25','W/(m·K)','Experiment',NULL,168,NULL),(237,3,7,54,'0.64-0.36','W/(m·K)','Experiment',NULL,169,NULL),(238,3,7,55,'0.50-0.50','W/(m·K)','Experiment',NULL,171,NULL),(239,3,7,56,'0.64-0.36','W/(m·K)','Unknown',NULL,172,NULL),(240,3,7,21,'0.64-0.36','W/(m·K)','Experiment',NULL,NULL,71),(241,3,7,51,'0.50-0.50','W/(m·K)','Unknown',NULL,174,NULL),(242,4,7,55,'0.50-0.50','J/(kg·K)','Theory',NULL,NULL,72),(243,4,7,52,'0.50-0.50','J/(kg·K)','Experiment',NULL,175,NULL),(244,4,7,51,'0.50-0.50','J/(kg·K)','Unknown',NULL,176,NULL),(245,4,7,56,'0.64-0.36','J/(kg·K)','Unknown',NULL,177,NULL),(246,5,9,67,'0.357 – 0.1 – 0.543','K','Experiment',NULL,NULL,73),(247,2,9,67,'0.357 – 0.1 – 0.543','Pa·s','Experiment',NULL,179,NULL),(248,4,9,67,'0.357 – 0.1 – 0.543','J/(kg·K)','Experiment',NULL,NULL,74),(249,5,10,68,'0.328-0.205-0.467','K','Experiment',NULL,NULL,75),(250,5,10,67,'0.256-0.291-0.454','K','Experiment',NULL,NULL,76),(251,2,10,67,'0.256-0.291-0.454','Pa·s','Experiment',NULL,180,NULL),(252,3,10,68,'0.328-0.205-0.467','W/(m·K)','Experiment',NULL,NULL,NULL),(253,4,10,67,'0.256-0.291-0.454','J/(kg·K)','Experiment',NULL,NULL,77),(254,4,10,69,'0.131-0.424-0.445','J/(kg·K)','Experiment',NULL,NULL,78),(255,4,10,69,'0.131-0.424-0.445','673.15','Experiment',NULL,NULL,79),(256,4,10,69,'0.255-0.31-0.435','J/(kg·K)','Experiment',NULL,NULL,80),(257,4,10,69,'0.255-0.31-0.435','','Experiment',NULL,NULL,81),(258,4,10,69,'0.373-0.212-0.415','J/(kg·K)','Experiment',NULL,NULL,82),(259,4,10,69,'0.373-0.212-0.415','J/(kg·K)','Experiment',NULL,NULL,83),(260,4,10,69,'0.427-0.198-0.375','J/(kg·K)','Experiment',NULL,NULL,84),(261,4,10,69,'0.427-0.198-0.375','J/(kg·K)','Experiment',NULL,NULL,85),(262,4,10,69,'0.462-0.148-0.39','J/(kg·K)','Experiment',NULL,NULL,86),(263,4,10,69,'0.462-0.148-0.39','J/(kg·K)','Experiment',NULL,NULL,87),(264,5,11,68,'0.115 – 0.437 – 0.292 – 0.156','K','Experiment',NULL,NULL,88),(265,1,11,68,'0.115 – 0.437 – 0.292 – 0.156','kg/m^3','Experiment',NULL,181,NULL),(266,4,11,68,'0.115 – 0.437 – 0.292 – 0.156','J/(kg·K)','Experiment',NULL,182,NULL),(267,5,12,71,'0.215 – 0.142 – 0.424 – 0.219','K','Experiment',NULL,NULL,89),(268,1,12,71,'0.215 – 0.142 – 0.424 – 0.219','kg/m^3','Experiment',NULL,183,NULL),(269,4,12,71,'0.215 – 0.142 – 0.424 – 0.219','J/(kg·K)','Experiment',NULL,184,NULL),(270,5,13,72,'0.15 – 0.45 – 0.25 – 0.15','K','Experiment',NULL,NULL,90),(271,1,13,72,'0.15 – 0.45 – 0.25 – 0.15','kg/m^3','Experiment',NULL,185,NULL),(272,2,13,72,'0.15 – 0.45 – 0.25 – 0.15','Pa·s','Experiment',NULL,186,NULL),(273,3,13,72,'0.15 – 0.45 – 0.25 – 0.15','W/(m·K)','Experiment',NULL,187,NULL),(274,5,2,8,'0.66-0.34','K','Experiment',NULL,NULL,91),(275,5,2,25,'0.66-0.34','K','Unknown',NULL,NULL,92),(276,5,2,41,'0.66-0.34','K','Unknown',NULL,NULL,93),(277,5,2,7,'0.66-0.34','K','Unknown',NULL,NULL,94),(278,5,2,31,'0.66-0.34','K','Unknown',NULL,NULL,95),(279,5,1,32,'0.465-0.115-0.42','K','Unknown',NULL,NULL,96),(280,5,1,13,'0.465-0.115-0.42','K','Unknown',NULL,NULL,97),(281,5,1,35,'0.465-0.115-0.42','K','Unknown',NULL,NULL,98),(282,5,1,8,'0.465-0.115-0.42','K','Unknown',NULL,NULL,99),(283,5,1,7,'0.465-0.115-0.42','K','Unknown',NULL,NULL,100),(284,5,1,14,'0.465-0.115-0.42','K','Unknown',NULL,NULL,101),(285,5,1,2,'0.465-0.115-0.42','K','Unknown',NULL,NULL,102),(286,5,3,35,'0.31-0.31-0.38','K','Unknown',NULL,NULL,103),(287,5,3,8,'0.31-0.31-0.38','K','Unknown',NULL,NULL,104),(288,5,4,25,'0.08-0.92','k','Unknown',NULL,NULL,105),(289,5,4,6,'0.08-0.92','K','Experiment',NULL,NULL,106),(290,5,4,27,'0.08-0.92','K','Experiment',NULL,NULL,107),(291,5,4,41,'0.08-0.92','K','Unknown',NULL,NULL,108),(292,5,4,7,'0.08-0.92','K','Unknown',NULL,NULL,109),(293,5,4,45,'0.08-0.92','K','Unknown',NULL,NULL,110),(294,5,4,4,'0.08-0.92','K','Experiment',NULL,NULL,111),(295,5,5,8,'0.58-0.42','k','Unknown',NULL,NULL,112),(296,5,5,7,'0.58-0.42','K','Unknown',NULL,NULL,113),(297,5,6,7,'0.68-0.32','K','Unknown',NULL,NULL,114),(298,5,6,2,'0.68-0.32','K','Unknown',NULL,NULL,115),(299,5,7,47,'0.66-0.34','K','Unknown',NULL,NULL,116),(300,5,7,5,'0.66-0.34','K','Experiment',NULL,NULL,117),(301,5,8,2,'0.07-0.49-0.44','K','Unknown',NULL,NULL,118);
/*!40000 ALTER TABLE `moltensalts_property` ENABLE KEYS */;
UNLOCK TABLES;

--
-- Table structure for table `moltensalts_salt`
--

DROP TABLE IF EXISTS `moltensalts_salt`;
/*!40101 SET @saved_cs_client     = @@character_set_client */;
/*!40101 SET character_set_client = utf8 */;
CREATE TABLE `moltensalts_salt` (
  `id` int(11) NOT NULL AUTO_INCREMENT,
  `name` varchar(300) NOT NULL,
  PRIMARY KEY (`id`)
) ENGINE=InnoDB AUTO_INCREMENT=14 DEFAULT CHARSET=latin1;
/*!40101 SET character_set_client = @saved_cs_client */;

--
-- Dumping data for table `moltensalts_salt`
--

LOCK TABLES `moltensalts_salt` WRITE;
/*!40000 ALTER TABLE `moltensalts_salt` DISABLE KEYS */;
INSERT INTO `moltensalts_salt` VALUES (1,'FLiNaK'),(2,'FLiBe'),(3,'FLiNaBe'),(4,'NaFNaB'),(5,'FluZirK'),(6,'CloKMag'),(7,'Solar Salt'),(8,'Hitec'),(9,'CaNaKNO3'),(10,'LiNaKNO3'),(11,'LiNaKNO3-KNO2'),(12,'LiNaKNO3-NaNO2'),(13,'LiNaKCaNO3');
/*!40000 ALTER TABLE `moltensalts_salt` ENABLE KEYS */;
UNLOCK TABLES;

--
-- Table structure for table `moltensalts_valueranget`
--

DROP TABLE IF EXISTS `moltensalts_valueranget`;
/*!40101 SET @saved_cs_client     = @@character_set_client */;
/*!40101 SET character_set_client = utf8 */;
CREATE TABLE `moltensalts_valueranget` (
  `id` int(11) NOT NULL AUTO_INCREMENT,
  `value` varchar(30) NOT NULL,
  `temperatureMax` double NOT NULL,
  `temperatureMin` double NOT NULL,
  PRIMARY KEY (`id`)
) ENGINE=InnoDB AUTO_INCREMENT=15 DEFAULT CHARSET=latin1;
/*!40101 SET character_set_client = @saved_cs_client */;

--
-- Dumping data for table `moltensalts_valueranget`
--

LOCK TABLES `moltensalts_valueranget` WRITE;
/*!40000 ALTER TABLE `moltensalts_valueranget` DISABLE KEYS */;
INSERT INTO `moltensalts_valueranget` VALUES (1,'4.499911',1023,773),(2,'4.499911',963,811),(3,'0.845046339',823,727),(4,'0.6',1023,723),(5,'1905.01',830,750),(6,'1882.8',1145,755),(7,'1.22816',873,732),(8,'2347.09',900,745.2),(9,'2352.2',1050,850),(10,'2130.0',1050,850),(11,'2210.0',1050,850),(12,'2260.0',1050,850),(13,'964.05',700,608),(14,'1025.91',700,608);
/*!40000 ALTER TABLE `moltensalts_valueranget` ENABLE KEYS */;
UNLOCK TABLES;

--
-- Table structure for table `moltensalts_valuet`
--

DROP TABLE IF EXISTS `moltensalts_valuet`;
/*!40101 SET @saved_cs_client     = @@character_set_client */;
/*!40101 SET character_set_client = utf8 */;
CREATE TABLE `moltensalts_valuet` (
  `id` int(11) NOT NULL AUTO_INCREMENT,
  `value` varchar(30) NOT NULL,
  `temperature` double DEFAULT NULL,
  PRIMARY KEY (`id`)
) ENGINE=InnoDB AUTO_INCREMENT=119 DEFAULT CHARSET=latin1;
/*!40101 SET character_set_client = @saved_cs_client */;

--
-- Dumping data for table `moltensalts_valuet`
--

LOCK TABLES `moltensalts_valuet` WRITE;
/*!40000 ALTER TABLE `moltensalts_valuet` DISABLE KEYS */;
INSERT INTO `moltensalts_valuet` VALUES (1,'2719.6',973),(2,'2803.28',973),(3,'2414.168',973),(4,'4.499911',873),(5,'1.3',727),(6,'4.47688',NULL),(7,'1.58724',NULL),(8,'0.70704',NULL),(9,'1882.8',973),(10,'1890',NULL),(11,'2092',727),(12,'2233.93',NULL),(13,'1769',NULL),(14,'1621.29',NULL),(15,'1',729),(16,'1',873),(17,'1.07',731),(18,'1',773),(19,'0.8768',NULL),(20,'2384.88',NULL),(21,'2366.13',NULL),(22,'2714.38',NULL),(24,'2714.38',NULL),(25,'1',727),(26,'1',727),(27,'0.67048',NULL),(28,'2468.56',973),(29,'2217.52',973),(30,'2133.84',973),(31,'2259.36',973),(32,'2301.2',973),(33,'2343.04',973),(34,'2133.84',973),(35,'1882.8',727),(36,'1966.48',727),(37,'2046.81',NULL),(38,'0.5',NULL),(39,'0.4',646),(40,'0.8',727),(41,'0.47456',657),(42,'1506.24',NULL),(43,'1060.03',NULL),(44,'1673.6',727),(45,'2220',1233),(46,'2129',1233),(47,'2207.7634',1233),(48,'2173.11',1233),(49,'2129.6875',1233),(50,'2089.76',1233),(51,'2044.9275',1233),(52,'1986.79',1233),(53,'1906.9475',1233),(54,'2341.8492',1233),(55,'0.00228',1253.2),(56,'0.00215',1253.2),(57,'0.001700',1253.2),(58,'0.001700',1253.2),(59,'0.001823',1253.2),(60,'0.001966',1253.2),(61,'0.002105',1253.2),(62,'0.002220',1253.2),(63,'0.002268',1253.2),(64,'0.002262',1253.2),(65,'0.28517',663),(66,'1063.29',NULL),(67,'1049.95',NULL),(68,'0.3995',NULL),(69,'0.5589',NULL),(70,'1154.78',973),(71,'0.46851',496),(72,'1497.92',NULL),(73,'-',403.76),(74,'1272',663.15),(75,'-',391.15),(76,'-',403.3),(77,'1091',663.15),(78,'1210',373.15),(79,'1530',673.15),(80,'1240',373.15),(81,'1540',673.15),(82,'1530',373.15),(83,'1590',673.15),(84,'1320',373.15),(85,'1620',673.15),(86,'1500',373.15),(87,'1630',673.15),(88,'-',369.71),(89,'-',372.17),(90,'-',363.15),(91,'-',727),(92,'-',731),(93,'-',731.9),(94,'-',729),(95,'-',732.1),(96,'-',727.4),(97,'-',727),(98,'-',727),(99,'-',727),(100,'-',727),(101,'-',727),(102,'-',727),(103,'-',611),(104,'-',588),(105,'-',658),(106,'-',654),(107,'-',658),(108,'-',657),(109,'-',657),(110,'-',657),(111,'-',658.7),(112,'-',663),(113,'-',693),(114,'-',710),(115,'-',708),(116,'-',495),(117,'-',496),(118,'-',415);
/*!40000 ALTER TABLE `moltensalts_valuet` ENABLE KEYS */;
UNLOCK TABLES;

--
-- Table structure for table `moltensalts_valuetunit`
--

DROP TABLE IF EXISTS `moltensalts_valuetunit`;
/*!40101 SET @saved_cs_client     = @@character_set_client */;
/*!40101 SET character_set_client = utf8 */;
CREATE TABLE `moltensalts_valuetunit` (
  `id` int(11) NOT NULL AUTO_INCREMENT,
  `value` double NOT NULL,
  `temperature` double NOT NULL,
  `unitT` varchar(100) NOT NULL,
  `unitValue` varchar(100) NOT NULL,
  `equationRangeT_id` int(11) NOT NULL,
  PRIMARY KEY (`id`),
  KEY `moltensalts_valuetunit_36f199fd` (`equationRangeT_id`),
  CONSTRAINT `equationRangeT_id_refs_id_747ae223` FOREIGN KEY (`equationRangeT_id`) REFERENCES `moltensalts_equationranget` (`id`)
) ENGINE=InnoDB AUTO_INCREMENT=135 DEFAULT CHARSET=latin1;
/*!40101 SET character_set_client = @saved_cs_client */;

--
-- Dumping data for table `moltensalts_valuetunit`
--

LOCK TABLES `moltensalts_valuetunit` WRITE;
/*!40000 ALTER TABLE `moltensalts_valuetunit` DISABLE KEYS */;
INSERT INTO `moltensalts_valuetunit` VALUES (1,0.0000039,500,'ºC','m^2/s (kinematic viscosity)',10),(2,0.00000263,600,'ºC','m^2/s (kinematic viscosity)',10),(3,0.00000195,700,'ºC','m^2/s (kinematic viscosity)',10),(4,0.00000123,800,'ºC','m^2/s (kinematic viscosity)',10),(5,2.0292,514.5,'ºC','g/cm^3',20),(6,2.0153,540.5,'ºC','g/cm^3',20),(7,2.003,564.9,'ºC','g/cm^3',20),(8,1.9915,590.5,'ºC','g/cm^3',20),(9,1.9797,614.6,'ºC','g/cm^3',20),(10,1.9785,616,'ºC','g/cm^3',20),(11,1.954,667.1,'ºC','g/cm^3',20),(12,1.9285,719.5,'ºC','g/cm^3',20),(13,1.9027,772.2,'ºC','g/cm^3',20),(14,1.8911,794.7,'ºC','g/cm^3',20),(15,1.8792,820.3,'ºC','g/cm^3',20),(16,1.941,600,'ºC','g/cm^3',21),(17,1.905,700,'ºC','g/cm^3',21),(18,1.866,800,'ºC','g/cm^3',21),(19,1.952,600,'ºC','g/cm^3',22),(20,1.872,800,'ºC','g/cm^3',22),(21,1.918,600,'ºC','g/cm^3',23),(22,1.876,700,'ºC','g/cm^3',23),(23,1.838,800,'ºC','g/cm^3',23),(24,1.913,600,'ºC','g/cm^3',25),(25,1.878,700,'ºC','g/cm^3',25),(26,1.842,800,'ºC','g/cm^3',25),(27,1.971,6000,'ºC','g/cm^3',26),(28,1.971,600,'ºC','g/cm^3',27),(29,1.925,700,'ºC','g/cm^3',27),(30,1.883,800,'ºC','g/cm^3',27),(31,1.971,600,'ºC','g/cm^3',28),(32,1.925,700,'ºC','g/cm^3',28),(33,1.883,800,'ºC','g/cm^3',28),(34,1.973,600,'ºC','g/cm^3',29),(35,1.929,700,'ºC','g/cm^3',29),(36,1.885,800,'ºC','g/cm^3',29),(37,1.902,600,'ºC','g/cm^3',30),(38,1.862,700,'ºC','g/cm^3',30),(39,1.82,800,'ºC','g/cm^3',30),(40,7.98,600,'ºC','mPa·s',38),(41,5.29,700,'ºC','mPa·s',38),(42,3.46,800,'ºC','mPa·s',38),(43,7.25,600,'ºC','mPa·s',45),(44,4.25,700,'ºC','mPa·s',45),(45,3.1,800,'ºC','mPa·s',45),(46,13.4,600,'ºC','mPa·s',46),(47,7.38,700,'ºC','mPa·s',46),(48,4.5,800,'ºC','mPa·s',46),(49,22.5,600,'ºC','mPa·s',47),(50,11.6,700,'ºC','mPa·s',47),(51,6.24,800,'ºC','mPa·s',47),(52,36.8,600,'ºC','mPa·s',49),(53,17.7,700,'ºC','mPa·s',49),(54,9.74,800,'ºC','mPa·s',49),(55,0.462,497.5,'K','W/(m·K)',167),(56,0.46,509.4,'K','W/(m·K)',167),(57,0.457,545.3,'K','W/(m·K)',167),(58,0.446,573.7,'K','W/(m·K)',167),(59,0.446,592.2,'K','W/(m·K)',167),(60,0.479,546.4,'K','W/(m·K)',168),(61,0.471,569.6,'K','W/(m·K)',168),(62,0.465,587.3,'K','W/(m·K)',168),(63,0.47,592.8,'K','W/(m·K)',168),(64,0.46,524,'K','W/(m·K)',170),(65,587,0.458,'K','W/(m·K)',170),(66,0.46,524,'K','W/(m·K)',171),(67,0.46,587,'K','W/(m·K)',171),(68,0.458,638,'K','W/(m·K)',171),(69,0.45,671,'K','W/(m·K)',171),(70,0.1124,150,'ºC','Pa·s',179),(71,0.0552,175,'ºC','Pa·s',179),(72,0.041,200,'ºC','Pa·s',179),(73,0.014,300,'ºC','Pa·s',179),(74,0.045,150,'ºC','Pa·s',180),(75,0.018,175,'ºC','Pa·s',180),(76,0.015,200,'ºC','Pa·s',180),(77,0.03,300,'ºC','Pa·s',180),(78,1.961,150,'ºC','g/cm^3',181),(79,1.929,200,'ºC','g/cm^3',181),(80,1.897,250,'ºC','g/cm^3',181),(81,1.864,300,'ºC','g/cm^3',181),(82,1.831,350,'ºC','g/cm^3',181),(83,1.733,500,'ºC','g/cm^3',181),(84,114.78,375.15,'K','J/ mol K',182),(85,115.13,380,'K','J/ mol K',182),(86,115.49,385,'K','J/ mol K',182),(87,115.85,390,'K','J/ mol K',182),(88,116.21,395,'K','J/ mol K',182),(89,116.57,400,'K','J/ mol K',182),(90,116.93,405,'K','J/ mol K',182),(91,117.29,410,'K','J/ mol K',182),(92,117.65,415,'K','J/ mol K',182),(93,118.01,420,'K','J/ mol K',182),(94,118.37,425,'K','J/ mol K',182),(95,118.73,430,'K','J/ mol K',182),(96,119.09,435,'K','J/ mol K',182),(97,119.45,440,'K','J/ mol K',182),(98,119.81,445,'K','J/ mol K',182),(99,120.18,450,'K','J/ mol K',182),(100,120.54,455,'K','J/ mol K',182),(101,120.9,460,'K','J/ mol K',182),(102,121.26,465,'K','J/ mol K',182),(103,121.62,470,'K','J/ mol K',182),(104,121.98,475,'K','J/ mol K',182),(105,122.34,480,'K','J/ mol K',182),(106,122.7,485,'K','J/ mol K',182),(107,123.06,490,'K','J/ mol K',182),(108,123.42,495,'K','J/ mol K',182),(109,123.78,500,'K','J/ mol K',182),(110,124.14,505,'K','J/ mol K',182),(111,124.5,510,'K','J/ mol K',182),(112,124.86,515,'K','J/ mol K',182),(113,125.22,520,'K','J/ mol K',182),(114,125.58,525,'K','J/ mol K',182),(115,125.94,530,'K','J/ mol K',182),(116,126.3,535,'K','J/ mol K',182),(117,126.66,540,'K','J/ mol K',182),(118,127.02,545,'K','J/ mol K',182),(119,127.39,550,'K','J/ mol K',182),(120,127.75,555,'K','J/ mol K',182),(121,128.11,560,'K','J/ mol K',182),(122,128.47,565,'K','J/ mol K',182),(123,128.83,570,'K','J/ mol K',182),(124,129.19,575,'K','J/ mol K',182),(125,129.55,580,'K','J/ mol K',182),(126,129.91,585,'K','J/ mol K',182),(127,130.27,590,'K','J/ mol K',182),(128,130.63,595,'K','J/ mol K',182),(129,130.99,600,'K','J/ mol K',182),(130,131.35,605,'K','J/ mol K',182),(131,131.71,610,'K','J/ mol K',182),(132,132.07,615,'K','J/ mol K',182),(133,132.43,620,'K','J/ mol K',182),(134,132.66,623.15,'K','J/ mol K',182);
/*!40000 ALTER TABLE `moltensalts_valuetunit` ENABLE KEYS */;
UNLOCK TABLES;

--
-- Table structure for table `moltensalts_warning`
--

DROP TABLE IF EXISTS `moltensalts_warning`;
/*!40101 SET @saved_cs_client     = @@character_set_client */;
/*!40101 SET character_set_client = utf8 */;
CREATE TABLE `moltensalts_warning` (
  `id` int(11) NOT NULL AUTO_INCREMENT,
  `name` varchar(300) NOT NULL,
  `content` varchar(3000) NOT NULL,
  `image` varchar(100) DEFAULT NULL,
  PRIMARY KEY (`id`)
) ENGINE=InnoDB AUTO_INCREMENT=9 DEFAULT CHARSET=latin1;
/*!40101 SET character_set_client = @saved_cs_client */;

--
-- Dumping data for table `moltensalts_warning`
--

LOCK TABLES `moltensalts_warning` WRITE;
/*!40000 ALTER TABLE `moltensalts_warning` DISABLE KEYS */;
INSERT INTO `moltensalts_warning` VALUES (1,'FLINAK Thermal Conductivity','Janz and Tomkins (1981) suggested two correlations for FLiNaK thermal conductivity. These authors explained in their review a decrease in the measured values for the property (about 20-30%) after an extended experiment, due to the contact with the containing material (Inconel). Ewing et al. (1962) also reported a similar behavior: because of the solution of container materials during the experiment, the measurement of transmission coefficients showed a clear decrease. (See also .Thermal properties global comparison. in the Uncertainties for FluZirK section)',''),(2,'FLIBE Viscosity','The expression reported by Williams et al. (2006, ORNL/TM-2006/12) seems to be the same expression previously pointed by Cantor et al. (1968), but divided by 10. In our opinion, the issue seems to be apparently a simple typographical mistake. However, reader must take this advice into account when using the mentioned correlation.','warning_Visco_Arrhenius_1Flibe.png'),(3,'FLIBE Heat Capacity','Powers (1963) reported the same values than Grimes et al. (1958) for the (0.69-0.31) and (0.50-0.50) compositions. However, they are expressed in reverse order. Although differences may be negligible, we recommend using the initial one (Grimes et al., 1958).','warning_Heat_3Flibe.png'),(4,'FLUZIRK Viscosity','The report of Williams (2006, ORNL/TM-2006/12), included a correlation for viscosity in function of temperature. However, it seems to be divided by 10 when compared with other expressions or values. Therefore the reader must take this advice into account when using the mentioned correlation.','warning_Visco_Arrhenius_5Fluzirk.png'),(5,'NAFNAB  Density','The review made by Janz et al. (1974) in the Journal of Physical and Chemical Reference Data included the same correlation than Cantor (1973), but there is a mistake in one of the signs (Janz et al. reported +0.711 instead of -0.711). This issue was subsequently corrected in other versions like Janz and Tomkins (1981) and Janz (1988) in the same Journal.',NULL),(6,'CLOKMAG Density','The density obtained when using the expression suggested in the report ORNL/TM-2006/69 by Williams (2006) are too far from other measurements and correlations for the same property. A graphical comparison has showed excessively high values.','warning_Density7-Clokmag.png'),(7,'CLOKMAG Viscosity','The expression reported by Williams (2006) in ORNL/TM-2006/69 gives too low values when are compared with other correlations for the same property. This seems to be a typographical mistake, because calculated data are apparently divided by 10. Therefore, the reader must take this advice into account when using the mentioned correlation.','warning_Visco_Arrhenius_6Clokmag.png'),(8,'Thermal properties global comparison','Some considerations and comments can be mentioned for thermal properties. Serrano-Lopez et al. (2013) reviewed the complexity of thermal properties measurement in the case of molten salts, especially at high temperatures. For example, different problems may appear in the case of thermal conductivity, introducing external factor that change ideal measurement conditions: method of measurement election, sample homogeneity, sample purity, thermal stability at high temperatures, interaction between sample an containing material, sensor ranges for measurement, or other heat transfer mechanisms such as convection and radiation. Any of these variables may introduce erroneous values in the measurements, and even estranges slopes in the correlation functions (as has been reported for nitrates or chlorides, for example). On the other hand, different theoretical-estimation methodologies have been also proposed for conductivity prediction. Although some of these empirical expressions were deducted for particular type of mixtures, Serrano-Lopez et al. (2013) tried several of them with other compositions to check its potential use. In the case of FluZirK, for example, there was not any measurement for thermal conductivity (at least till 2013), and this kind of predictive equations were the only way to make an estimation. In a global comparison, Rao-Turnbull predictions give acceptable values (but the expression is very sensitive to the average number of ions per mole used in the calculation). Also in a global comparative, there seems to be relatively low temperature dependence for most of mixtures. Only certain values for FLiNaK are anomalous if compared with the others. For other thermal property like Heat Capacity, there is also a certain lack of data and scattering. No measurements have been identified for FluZirK, for example (at least till 2013); therefore only estimations with empirical correlations can be made in this case. (See also Serrano-Lopez et al., 2013)','warning_Thermal_Cond-glob.png');
/*!40000 ALTER TABLE `moltensalts_warning` ENABLE KEYS */;
UNLOCK TABLES;
/*!40103 SET TIME_ZONE=@OLD_TIME_ZONE */;

/*!40101 SET SQL_MODE=@OLD_SQL_MODE */;
/*!40014 SET FOREIGN_KEY_CHECKS=@OLD_FOREIGN_KEY_CHECKS */;
/*!40014 SET UNIQUE_CHECKS=@OLD_UNIQUE_CHECKS */;
/*!40101 SET CHARACTER_SET_CLIENT=@OLD_CHARACTER_SET_CLIENT */;
/*!40101 SET CHARACTER_SET_RESULTS=@OLD_CHARACTER_SET_RESULTS */;
/*!40101 SET COLLATION_CONNECTION=@OLD_COLLATION_CONNECTION */;
/*!40111 SET SQL_NOTES=@OLD_SQL_NOTES */;

-- Dump completed on 2014-08-28 14:13:32
